-- mysqldump-php https://github.com/ifsnop/mysqldump-php
--
-- Host: 127.0.0.1	Database: cehad
-- ------------------------------------------------------
-- Date: Thu, 12 Dec 2024 23:04:01 -0500


--
-- Table structure for table `app_modules`
--

CREATE TABLE `app_modules` (
  `id` int unsigned NOT NULL AUTO_INCREMENT,
  `value` varchar(255) COLLATE utf8mb4_unicode_ci NOT NULL,
  `description` varchar(255) COLLATE utf8mb4_unicode_ci NOT NULL,
  `order_menu` int NOT NULL,
  `created_at` timestamp NULL DEFAULT NULL,
  `updated_at` timestamp NULL DEFAULT NULL,
  PRIMARY KEY (`id`),
  UNIQUE KEY `app_modules_value_unique` (`value`)
) ENGINE=InnoDB AUTO_INCREMENT=14 DEFAULT CHARSET=utf8mb4 COLLATE=utf8mb4_unicode_ci;

--
-- Dumping data for table `app_modules`
--

SET autocommit=0;
INSERT INTO `app_modules` VALUES (1,'invoice','Factura electrónica',1,NULL,NULL),(2,'invoice-ticket','Boleta electrónica',2,NULL,NULL),(3,'sale-note','Nota de venta',3,NULL,NULL),(4,'order-note','Pedido',4,NULL,NULL),(5,'purchase','Compra',5,NULL,NULL),(6,'documents','Lista de comprobantes',6,NULL,NULL),(7,'report-sales','Reportes',7,NULL,NULL),(8,'validate-document','Validar cpe',8,NULL,NULL),(9,'customers','Clientes',9,NULL,NULL),(10,'items','Productos',10,NULL,NULL),(11,'cash','Caja',11,NULL,NULL),(12,'configuration','Configuración',12,NULL,NULL),(13,'quotation','Cotización',13,NULL,NULL);
COMMIT;

-- Dumped table `app_modules` with 13 row(s)
--

--
-- Table structure for table `card_brands`
--

CREATE TABLE `card_brands` (
  `id` int unsigned NOT NULL AUTO_INCREMENT,
  `description` varchar(255) COLLATE utf8mb4_unicode_ci NOT NULL,
  PRIMARY KEY (`id`)
) ENGINE=InnoDB AUTO_INCREMENT=3 DEFAULT CHARSET=utf8mb4 COLLATE=utf8mb4_unicode_ci;

--
-- Dumping data for table `card_brands`
--

SET autocommit=0;
INSERT INTO `card_brands` VALUES (1,'Visa'),(2,'Mastercard');
COMMIT;

-- Dumped table `card_brands` with 2 row(s)
--

--
-- Table structure for table `client_payments`
--

CREATE TABLE `client_payments` (
  `id` int unsigned NOT NULL AUTO_INCREMENT,
  `client_id` int unsigned NOT NULL,
  `date_of_payment` date NOT NULL,
  `payment_method_type_id` int unsigned NOT NULL,
  `has_card` tinyint(1) NOT NULL DEFAULT '0',
  `card_brand_id` int unsigned DEFAULT NULL,
  `reference` varchar(255) COLLATE utf8mb4_unicode_ci DEFAULT NULL,
  `payment` decimal(12,2) NOT NULL,
  `state` tinyint(1) NOT NULL DEFAULT '0',
  `created_at` timestamp NULL DEFAULT NULL,
  `updated_at` timestamp NULL DEFAULT NULL,
  PRIMARY KEY (`id`),
  KEY `client_payments_client_id_foreign` (`client_id`),
  KEY `client_payments_card_brand_id_foreign` (`card_brand_id`),
  KEY `client_payments_payment_method_type_id_foreign` (`payment_method_type_id`),
  CONSTRAINT `client_payments_card_brand_id_foreign` FOREIGN KEY (`card_brand_id`) REFERENCES `card_brands` (`id`),
  CONSTRAINT `client_payments_client_id_foreign` FOREIGN KEY (`client_id`) REFERENCES `clients` (`id`) ON DELETE CASCADE,
  CONSTRAINT `client_payments_payment_method_type_id_foreign` FOREIGN KEY (`payment_method_type_id`) REFERENCES `payment_method_types` (`id`)
) ENGINE=InnoDB DEFAULT CHARSET=utf8mb4 COLLATE=utf8mb4_unicode_ci;

--
-- Dumping data for table `client_payments`
--

SET autocommit=0;
COMMIT;

-- Dumped table `client_payments` with 0 row(s)
--

--
-- Table structure for table `clients`
--

SET autocommit=0;
COMMIT;

-- Dumped table `clients` with 4 row(s)
--

--
-- Table structure for table `configurations`
--

SET autocommit=0;
COMMIT;

-- Dumped table `configurations` with 1 row(s)
--

--
-- Table structure for table `failed_jobs`
--

CREATE TABLE `failed_jobs` (
  `id` bigint unsigned NOT NULL AUTO_INCREMENT,
  `connection` text COLLATE utf8mb4_unicode_ci NOT NULL,
  `queue` text COLLATE utf8mb4_unicode_ci NOT NULL,
  `payload` longtext COLLATE utf8mb4_unicode_ci NOT NULL,
  `exception` longtext COLLATE utf8mb4_unicode_ci NOT NULL,
  `failed_at` timestamp NOT NULL DEFAULT CURRENT_TIMESTAMP,
  PRIMARY KEY (`id`)
) ENGINE=InnoDB DEFAULT CHARSET=utf8mb4 COLLATE=utf8mb4_unicode_ci;

--
-- Dumping data for table `failed_jobs`
--

SET autocommit=0;
COMMIT;

-- Dumped table `failed_jobs` with 0 row(s)
--

--
-- Table structure for table `history_resources`
--

CREATE TABLE `history_resources` (
  `id` int unsigned NOT NULL AUTO_INCREMENT,
  `cpu_percent` varchar(255) COLLATE utf8mb4_unicode_ci DEFAULT NULL,
  `memory_total` varchar(255) COLLATE utf8mb4_unicode_ci DEFAULT NULL,
  `memory_free` varchar(255) COLLATE utf8mb4_unicode_ci DEFAULT NULL,
  `memory_used` varchar(255) COLLATE utf8mb4_unicode_ci DEFAULT NULL,
  `created_at` timestamp NULL DEFAULT NULL,
  `updated_at` timestamp NULL DEFAULT NULL,
  PRIMARY KEY (`id`)
) ENGINE=InnoDB DEFAULT CHARSET=utf8mb4 COLLATE=utf8mb4_unicode_ci;

--
-- Dumping data for table `history_resources`
--

SET autocommit=0;
COMMIT;

-- Dumped table `history_resources` with 0 row(s)
--

--
-- Table structure for table `hostnames`
--

CREATE TABLE `hostnames` (
  `id` bigint unsigned NOT NULL AUTO_INCREMENT,
  `fqdn` varchar(255) COLLATE utf8mb4_unicode_ci NOT NULL,
  `redirect_to` varchar(255) COLLATE utf8mb4_unicode_ci DEFAULT NULL,
  `force_https` tinyint(1) NOT NULL DEFAULT '0',
  `under_maintenance_since` timestamp NULL DEFAULT NULL,
  `website_id` bigint unsigned DEFAULT NULL,
  `created_at` timestamp NULL DEFAULT NULL,
  `updated_at` timestamp NULL DEFAULT NULL,
  `deleted_at` timestamp NULL DEFAULT NULL,
  PRIMARY KEY (`id`),
  UNIQUE KEY `hostnames_fqdn_unique` (`fqdn`),
  KEY `hostnames_website_id_foreign` (`website_id`),
  CONSTRAINT `hostnames_website_id_foreign` FOREIGN KEY (`website_id`) REFERENCES `websites` (`id`) ON DELETE SET NULL
) ENGINE=InnoDB AUTO_INCREMENT=5 DEFAULT CHARSET=utf8mb4 COLLATE=utf8mb4_unicode_ci;

--
-- Dumping data for table `hostnames`
--

SET autocommit=0;
INSERT INTO `hostnames` VALUES (1,'yordin.ecehad.net',NULL,0,NULL,1,'2024-08-11 09:02:04','2024-08-11 09:02:04',NULL),(2,'boticasm.ecehad.net',NULL,0,NULL,2,'2024-08-12 01:10:17','2024-08-12 01:10:17',NULL),(3,'cehad.ecehad.net',NULL,0,NULL,3,'2024-08-22 16:20:33','2024-08-22 16:20:33',NULL),(4,'torrico.ecehad.net',NULL,0,NULL,4,'2024-11-15 02:28:14','2024-11-15 02:28:14',NULL);
COMMIT;

-- Dumped table `hostnames` with 4 row(s)
--

--
-- Table structure for table `jobs`
--

CREATE TABLE `jobs` (
  `id` bigint unsigned NOT NULL AUTO_INCREMENT,
  `queue` varchar(255) COLLATE utf8mb4_unicode_ci NOT NULL,
  `payload` longtext COLLATE utf8mb4_unicode_ci NOT NULL,
  `attempts` tinyint unsigned NOT NULL,
  `reserved_at` int unsigned DEFAULT NULL,
  `available_at` int unsigned NOT NULL,
  `created_at` int unsigned NOT NULL,
  PRIMARY KEY (`id`),
  KEY `jobs_queue_index` (`queue`)
) ENGINE=InnoDB DEFAULT CHARSET=utf8mb4 COLLATE=utf8mb4_unicode_ci;

--
-- Dumping data for table `jobs`
--

SET autocommit=0;
COMMIT;

-- Dumped table `jobs` with 0 row(s)
--

--
-- Table structure for table `migrations`
--

CREATE TABLE `migrations` (
  `id` int unsigned NOT NULL AUTO_INCREMENT,
  `migration` varchar(255) COLLATE utf8mb4_unicode_ci NOT NULL,
  `batch` int NOT NULL,
  PRIMARY KEY (`id`)
) ENGINE=InnoDB AUTO_INCREMENT=71 DEFAULT CHARSET=utf8mb4 COLLATE=utf8mb4_unicode_ci;

--
-- Dumping data for table `migrations`
--

SET autocommit=0;
INSERT INTO `migrations` VALUES (1,'2014_10_12_000000_create_users_table',1),(2,'2014_10_12_100000_create_password_resets_table',1),(3,'2017_01_01_000003_tenancy_websites',1),(4,'2017_01_01_000005_tenancy_hostnames',1),(5,'2018_04_06_000001_tenancy_websites_needs_db_host',1),(6,'2019_01_28_092812_create_plans_table',1),(7,'2019_01_29_094116_create_plan_documents_table',1),(8,'2019_01_29_170027_create_clients_table',1),(9,'2019_02_27_165906_change_data_to_plans',1),(10,'2019_07_03_094112_create_card_brands_table',1),(11,'2019_07_03_094441_create_payment_method_types_table',1),(12,'2019_07_03_100132_create_client_payments_table',1),(13,'2019_07_19_163317_add_locked_emission_to_clients',1),(14,'2019_10_09_100840_add_locked_tenant_to_clients',1),(15,'2019_10_09_141307_create_configurations_table',1),(16,'2019_10_11_153451_add_locked_users_to_clients',1),(17,'2019_11_07_155742_create_modules_table',1),(18,'2019_11_14_211509_add_start_billing_cycle_to_clients',1),(19,'2020_02_01_131218_add_certificate_to_configurations',1),(20,'2020_02_01_182806_add_soap_to_configurations',1),(21,'2020_03_10_165827_add_data_module_for_finance',1),(22,'2020_03_31_151819_add_phone_users',1),(23,'2020_07_03_232125_add_culqi_to_configurations',1),(24,'2020_07_27_184250_add_apiruc_to_configurations',1),(25,'2020_09_07_110230_add_data_module_for_establishments_users',1),(26,'2021_03_08_154204_add_login_settings_column_to_configurations_table',1),(27,'2021_03_10_160908_add_extra_modules_to_modules_table',1),(28,'2021_03_10_170439_create_module_levels_table',1),(29,'2021_03_19_112500_create_module_level_client_table',1),(30,'2021_03_19_201634_add_sort_column_to_modules_table',1),(31,'2021_03_20_110950_change_order_item_to_modules_table',1),(32,'2021_04_01_090115_add_levels_to_module_levels_table',1),(33,'2021_05_03_131833_add_mail_configuration',1),(34,'2021_06_18_141136_add_modules_digemid',1),(35,'2021_06_18_141137_add_documentary_requirements',1),(36,'2021_08_20_161555_add_extra_data_item_menu',1),(37,'2021_09_16_144202_add_app_to_modules',1),(38,'2021_09_16_160109_add_url_apk_to_configurations',1),(39,'2021_10_05_171912_add_configuration_module_to_admin',1),(40,'2021_10_14_163406_create_history_resources_table',1),(41,'2021_10_18_154601_add_data_purchase_settlements_to_module_levels',1),(42,'2021_10_22_130040_create_app_suscription',1),(43,'2021_12_10_130040_create_app_production',1),(44,'2022_01_25_152340_create_app_restaurant',1),(45,'2022_01_30_104230_update_token_to_users',1),(46,'2022_01_30_105446_create_restaurant_partners_table',1),(47,'2022_02_23_001946_create_jobs_table',1),(48,'2022_02_25_001413_create_failed_jobs_table',1),(49,'2022_03_11_120508_add_trace_to_api_peru_service',1),(50,'2022_03_11_125431_add_attr_to_restaurant_partners',1),(51,'2022_03_31_132605_create_app_pos_garage',1),(52,'2022_04_19_101832_add_default_to_client_id_track',1),(53,'2022_04_30_124731_addwhatsapp_to_configurations',1),(54,'2022_05_07_165152_update_user_to_users',1),(55,'2022_05_08_130040_create_app_full_suscription',1),(56,'2022_05_09_212031_register_app_generate_link_to_modules',1),(57,'2022_06_15_091833_add_force_unlocked_configurations',1),(58,'2022_07_07_110727_add_module_app_2_generator_to_modules',1),(59,'2022_07_07_160621_create_app_modules_table',1),(60,'2022_07_08_102447_add_data_configuration_to_app_modules',1),(61,'2022_07_11_175937_add_data_quotation_to_app_modules',1),(62,'2022_09_01_095559_add_regex_password_client_to_configurations',1),(63,'2022_10_04_150900_change_description_value_to_module_levels',1),(64,'2022_11_25_132556_add_tenant_show_ads_to_configurations',1),(65,'2022_12_23_100215_add_establishments_limit_to_plans',1),(66,'2022_12_23_114520_add_locked_create_establishments_to_clients',1),(67,'2022_12_23_164914_add_sales_limit_to_plans',1),(68,'2022_12_23_172757_add_restrict_sales_limit_to_clients',1),(69,'2022_12_26_150024_add_include_sale_notes_sales_limit_to_plans',1),(70,'2023_03_15_100000_add_include_sale_notes_limit_documents_to_plans',1);
COMMIT;

-- Dumped table `migrations` with 70 row(s)
--

--
-- Table structure for table `module_level_client`
--

CREATE TABLE `module_level_client` (
  `id` int unsigned NOT NULL AUTO_INCREMENT,
  `client_id` int unsigned NOT NULL,
  `module_id` int unsigned NOT NULL,
  `module_level_id` int unsigned NOT NULL,
  PRIMARY KEY (`id`),
  KEY `module_level_client_client_id_foreign` (`client_id`),
  KEY `module_level_client_module_id_foreign` (`module_id`),
  KEY `module_level_client_module_level_id_foreign` (`module_level_id`),
  CONSTRAINT `module_level_client_client_id_foreign` FOREIGN KEY (`client_id`) REFERENCES `clients` (`id`) ON DELETE CASCADE,
  CONSTRAINT `module_level_client_module_id_foreign` FOREIGN KEY (`module_id`) REFERENCES `modules` (`id`) ON DELETE CASCADE,
  CONSTRAINT `module_level_client_module_level_id_foreign` FOREIGN KEY (`module_level_id`) REFERENCES `module_levels` (`id`) ON DELETE CASCADE
) ENGINE=InnoDB DEFAULT CHARSET=utf8mb4 COLLATE=utf8mb4_unicode_ci;

--
-- Dumping data for table `module_level_client`
--

SET autocommit=0;
COMMIT;

-- Dumped table `module_level_client` with 0 row(s)
--

--
-- Table structure for table `module_levels`
--

CREATE TABLE `module_levels` (
  `id` int unsigned NOT NULL AUTO_INCREMENT,
  `value` varchar(255) COLLATE utf8mb4_unicode_ci NOT NULL,
  `description` varchar(255) COLLATE utf8mb4_unicode_ci NOT NULL,
  `module_id` int unsigned NOT NULL,
  `created_at` timestamp NULL DEFAULT NULL,
  `updated_at` timestamp NULL DEFAULT NULL,
  PRIMARY KEY (`id`),
  KEY `module_levels_module_id_foreign` (`module_id`),
  CONSTRAINT `module_levels_module_id_foreign` FOREIGN KEY (`module_id`) REFERENCES `modules` (`id`)
) ENGINE=InnoDB AUTO_INCREMENT=89 DEFAULT CHARSET=utf8mb4 COLLATE=utf8mb4_unicode_ci;

--
-- Dumping data for table `module_levels`
--

SET autocommit=0;
INSERT INTO `module_levels` VALUES (1,'new_document','Nuevo comprobante',1,NULL,NULL),(2,'list_document','L. Comprobantes',1,NULL,NULL),(3,'document_not_sent','Doc. No enviados',1,NULL,NULL),(4,'document_contingengy','Doc. Contingencia',1,NULL,NULL),(5,'catalogs','Catálogos',1,NULL,NULL),(6,'summary_voided','Resúmenes y Anulaciones',1,NULL,NULL),(7,'quotations','Cotizaciones',1,NULL,NULL),(8,'sale_notes','Notas de Venta',1,NULL,NULL),(9,'incentives','Comisiones',1,NULL,NULL),(10,'sale-opportunity','Oportunidad de venta',1,NULL,NULL),(11,'contracts','Contratos',1,NULL,NULL),(12,'order-note','Pedidos',1,NULL,NULL),(13,'technical-service','Servicios de soporte técnico',1,NULL,NULL),(14,'regularize_shipping','CPE pendientes de rectificación',1,NULL,NULL),(15,'pos','Punto de venta',6,NULL,NULL),(16,'cash','Caja chica POS',6,NULL,NULL),(17,'ecommerce','Ir a la tienda',10,NULL,NULL),(18,'ecommerce_orders','Pedidos',10,NULL,NULL),(19,'ecommerce_items','Productos tienda virtual',10,NULL,NULL),(20,'ecommerce_tags','Etiquetas',10,NULL,NULL),(21,'ecommerce_promotions','Promociones - Banners',10,NULL,NULL),(22,'ecommerce_settings','Configuración',10,NULL,NULL),(23,'items','Productos',17,NULL,NULL),(24,'items_packs','Packs',17,NULL,NULL),(25,'items_services','Servicios',17,NULL,NULL),(26,'items_categories','Categorías',17,NULL,NULL),(27,'items_brands','Marcas',17,NULL,NULL),(28,'items_lots','Series',17,NULL,NULL),(29,'clients','Clientes',18,NULL,NULL),(30,'clients_types','Tipos de clientes',18,NULL,NULL),(31,'purchases_create','Nuevo',2,NULL,NULL),(32,'purchases_list','Listado',2,NULL,NULL),(33,'purchases_orders','Ordenes de compra',2,NULL,NULL),(34,'purchases_expenses','Gastos diversos',2,NULL,NULL),(35,'purchases_suppliers','Proveedores',2,NULL,NULL),(36,'purchases_quotations','Solicitar cotización',2,NULL,NULL),(37,'purchases_fixed_assets_items','Activos fijos - Ítems',2,NULL,NULL),(38,'purchases_fixed_assets_purchases','Activos fijos - Compras',2,NULL,NULL),(39,'inventory','Movimientos',8,NULL,NULL),(40,'inventory_transfers','Traslados',8,NULL,NULL),(41,'inventory_devolutions','Devoluciones',8,NULL,NULL),(42,'inventory_report_kardex','Reporte kardex',8,NULL,NULL),(43,'inventory_report','Reporte inventario',8,NULL,NULL),(44,'inventory_report_valued_kardex','Kardex valorizado',8,NULL,'2024-08-11 08:52:36'),(45,'users','Usuarios',14,NULL,NULL),(46,'users_establishments','Establecimientos',14,NULL,NULL),(47,'advanced_retentions','Retenciones',3,NULL,NULL),(48,'advanced_dispatches','Guías de remisión',3,NULL,NULL),(49,'advanced_perceptions','Percepciones',3,NULL,NULL),(50,'advanced_order_forms','Ordenes de pedido',3,NULL,NULL),(51,'account_report','Exportar reporte',9,NULL,NULL),(52,'account_formats','Exportar formatos',9,NULL,NULL),(53,'account_summary','Reporte resumido - Ventas',9,NULL,NULL),(54,'finances_movements','Movimientos',12,NULL,NULL),(55,'finances_incomes','Ingresos',12,NULL,NULL),(56,'finances_unpaid','Cuentas por cobrar',12,NULL,NULL),(57,'finances_to_pay','Cuentas por pagar',12,NULL,NULL),(58,'finances_payments','Pagos',12,NULL,NULL),(59,'finances_balance','Balance',12,NULL,NULL),(60,'finances_payment_method_types','Ingresos y Egresos - M. Pago',12,NULL,NULL),(61,'account_users_settings','Configuración',11,NULL,NULL),(62,'account_users_list','Lista de pagos',11,NULL,NULL),(63,'hotels_reception','Recepción',15,NULL,NULL),(64,'hotels_rates','Tarifas',15,NULL,NULL),(65,'hotels_floors','Pisos',15,NULL,NULL),(66,'hotels_cats','Categorías',15,NULL,NULL),(67,'hotels_rooms','Habitaciones',15,NULL,NULL),(68,'documentary_offices','Oficinas',16,NULL,NULL),(69,'documentary_process','Procesos',16,NULL,NULL),(70,'documentary_documents','Tipos de documento',16,NULL,NULL),(71,'documentary_actions','Acciones',16,NULL,NULL),(72,'documentary_files','Expedientes',16,NULL,NULL),(73,'digemid','Productos',19,'2024-08-11 08:52:35','2024-08-11 08:52:35'),(74,'documentary_requirements','Requerimientos',16,'2024-08-11 08:52:35','2024-08-11 08:52:35'),(75,'inventory_item_extra_data','Datos extra de items',8,'2024-08-11 08:52:35','2024-08-11 08:52:35'),(76,'configuration_company','Empresa',5,NULL,NULL),(77,'configuration_advance','Avanzado',5,NULL,NULL),(78,'configuration_visual','Visual',5,NULL,NULL),(79,'advanced_purchase_settlements','Liquidaciones de compra',3,NULL,NULL),(80,'suscription_app_client','Cliente',21,NULL,NULL),(81,'suscription_app_service','Servicio',21,NULL,NULL),(82,'suscription_app_payments','Pagos',21,NULL,NULL),(83,'suscription_app_plans','Planes',21,NULL,NULL),(84,'pos_garage','Venta rapida',6,NULL,NULL);
COMMIT;

-- Dumped table `module_levels` with 84 row(s)
--

--
-- Table structure for table `modules`
--

CREATE TABLE `modules` (
  `id` int unsigned NOT NULL AUTO_INCREMENT,
  `value` varchar(255) COLLATE utf8mb4_unicode_ci NOT NULL,
  `description` varchar(255) COLLATE utf8mb4_unicode_ci NOT NULL,
  `sort` int NOT NULL DEFAULT '1',
  `created_at` timestamp NULL DEFAULT NULL,
  `updated_at` timestamp NULL DEFAULT NULL,
  PRIMARY KEY (`id`)
) ENGINE=InnoDB AUTO_INCREMENT=27 DEFAULT CHARSET=utf8mb4 COLLATE=utf8mb4_unicode_ci;

--
-- Dumping data for table `modules`
--

SET autocommit=0;
INSERT INTO `modules` VALUES (1,'documents','Ventas',2,NULL,NULL),(2,'purchases','Compras',7,NULL,NULL),(3,'advanced','Documentos Avanzados',8,NULL,NULL),(4,'reports','Reportes',9,NULL,NULL),(5,'configuration','Configuración',12,NULL,NULL),(6,'pos','Punto de venta (POS)',3,NULL,NULL),(7,'dashboard','Dashboard',1,NULL,NULL),(8,'inventory','Inventario',7,NULL,NULL),(9,'accounting','Contabilidad',10,NULL,NULL),(10,'ecommerce','Ecommerce',4,NULL,NULL),(11,'cuenta','Cuenta',13,NULL,NULL),(12,'finance','Finanzas',11,NULL,NULL),(14,'establishments','Usuarios/Locales & Series',7,NULL,NULL),(15,'hotels','Hoteles',14,NULL,NULL),(16,'documentary-procedure','Trámite documentario',15,NULL,NULL),(17,'items','Productos/Servicios',5,NULL,NULL),(18,'persons','Clientes',6,NULL,NULL),(19,'digemid','Farmacia',15,'2024-08-11 08:52:35','2024-08-11 08:52:35'),(20,'apps','Apps',1,NULL,NULL),(21,'suscription_app','Suscriptiones',16,NULL,NULL),(22,'production_app','Producción',17,NULL,NULL),(23,'restaurant_app','Restaurante',18,NULL,NULL),(24,'full_suscription_app','Suscripción Servicios SAAS',17,NULL,NULL),(25,'generate_link_app','Generador de link de pago',19,NULL,NULL),(26,'app_2_generator','Generador APP 2.0',20,NULL,NULL);
COMMIT;

-- Dumped table `modules` with 25 row(s)
--

--
-- Table structure for table `password_resets`
--

SET autocommit=0;
COMMIT;

-- Dumped table `password_resets` with 0 row(s)
--

--
-- Table structure for table `payment_method_types`
--

CREATE TABLE `payment_method_types` (
  `id` int unsigned NOT NULL AUTO_INCREMENT,
  `description` varchar(255) COLLATE utf8mb4_unicode_ci NOT NULL,
  `has_card` tinyint(1) NOT NULL DEFAULT '0',
  PRIMARY KEY (`id`)
) ENGINE=InnoDB AUTO_INCREMENT=5 DEFAULT CHARSET=utf8mb4 COLLATE=utf8mb4_unicode_ci;

--
-- Dumping data for table `payment_method_types`
--

SET autocommit=0;
INSERT INTO `payment_method_types` VALUES (1,'Efectivo',0),(2,'Tarjeta de crédito',1),(3,'Tarjeta de débito',1),(4,'Transferencia',0);
COMMIT;

-- Dumped table `payment_method_types` with 4 row(s)
--

--
-- Table structure for table `plan_documents`
--

CREATE TABLE `plan_documents` (
  `id` int unsigned NOT NULL AUTO_INCREMENT,
  `description` varchar(255) COLLATE utf8mb4_unicode_ci NOT NULL,
  PRIMARY KEY (`id`)
) ENGINE=InnoDB AUTO_INCREMENT=5 DEFAULT CHARSET=utf8mb4 COLLATE=utf8mb4_unicode_ci;

--
-- Dumping data for table `plan_documents`
--

SET autocommit=0;
INSERT INTO `plan_documents` VALUES (1,'Facturas, boletas, notas de débito y crédito, resúmenes y anulaciones'),(2,'Guias de remisión'),(3,'Retenciones'),(4,'Percepciones');
COMMIT;

-- Dumped table `plan_documents` with 4 row(s)
--

--
-- Table structure for table `plans`
--

CREATE TABLE `plans` (
  `id` int unsigned NOT NULL AUTO_INCREMENT,
  `name` varchar(255) COLLATE utf8mb4_unicode_ci NOT NULL,
  `pricing` double NOT NULL,
  `limit_users` bigint NOT NULL,
  `limit_documents` bigint NOT NULL,
  `include_sale_notes_limit_documents` tinyint(1) NOT NULL DEFAULT '0',
  `plan_documents` json NOT NULL,
  `locked` tinyint(1) NOT NULL DEFAULT '0',
  `include_sale_notes_sales_limit` tinyint(1) NOT NULL DEFAULT '0',
  `sales_limit` decimal(22,2) NOT NULL DEFAULT '0.00',
  `sales_unlimited` tinyint(1) NOT NULL DEFAULT '1',
  `establishments_limit` bigint NOT NULL DEFAULT '0',
  `establishments_unlimited` tinyint(1) NOT NULL DEFAULT '1',
  `created_at` timestamp NULL DEFAULT NULL,
  `updated_at` timestamp NULL DEFAULT NULL,
  PRIMARY KEY (`id`)
) ENGINE=InnoDB AUTO_INCREMENT=2 DEFAULT CHARSET=utf8mb4 COLLATE=utf8mb4_unicode_ci;

--
-- Dumping data for table `plans`
--

SET autocommit=0;
INSERT INTO `plans` VALUES (1,'Ilimitado',99,0,0,0,'[1, 2, 3, 4]',1,0,0.00,1,0,1,'2024-08-11 08:52:36','2024-08-11 08:52:36');
COMMIT;

-- Dumped table `plans` with 1 row(s)
--

--
-- Table structure for table `restaurant_partners`
--

CREATE TABLE `restaurant_partners` (
  `id` int unsigned NOT NULL AUTO_INCREMENT,
  `full_name` varchar(255) COLLATE utf8mb4_unicode_ci NOT NULL,
  `email` varchar(255) COLLATE utf8mb4_unicode_ci NOT NULL,
  `gitlab_user` varchar(255) COLLATE utf8mb4_unicode_ci NOT NULL,
  `domain` varchar(255) COLLATE utf8mb4_unicode_ci NOT NULL,
  `department_id` char(2) COLLATE utf8mb4_unicode_ci DEFAULT NULL,
  `zone` varchar(255) COLLATE utf8mb4_unicode_ci DEFAULT NULL,
  `status` tinyint(1) NOT NULL DEFAULT '0',
  `created_at` timestamp NULL DEFAULT NULL,
  `updated_at` timestamp NULL DEFAULT NULL,
  PRIMARY KEY (`id`),
  UNIQUE KEY `restaurant_partners_email_unique` (`email`),
  UNIQUE KEY `restaurant_partners_gitlab_user_unique` (`gitlab_user`),
  UNIQUE KEY `restaurant_partners_domain_unique` (`domain`)
) ENGINE=InnoDB DEFAULT CHARSET=utf8mb4 COLLATE=utf8mb4_unicode_ci;

--
-- Dumping data for table `restaurant_partners`
--

SET autocommit=0;
COMMIT;

-- Dumped table `restaurant_partners` with 0 row(s)
--

--
-- Table structure for table `track_api_peru_services`
--

CREATE TABLE `track_api_peru_services` (
  `id` int unsigned NOT NULL AUTO_INCREMENT,
  `service` int unsigned DEFAULT '0' COMMENT 'Tipo de servicio 1 => sunat/dni, 2 => validacion_multiple_cpe, 3 => CPE, 4 => tipo_de_cambio, 5 => printer_ticket',
  `ruc` text COLLATE utf8mb4_unicode_ci COMMENT 'Ruc de la empresa que consulta',
  `client_id` int unsigned DEFAULT '0',
  `date_of_issue` timestamp NULL DEFAULT NULL,
  PRIMARY KEY (`id`)
) ENGINE=InnoDB AUTO_INCREMENT=1097 DEFAULT CHARSET=utf8mb4 COLLATE=utf8mb4_unicode_ci;

--
-- Dumping data for table `track_api_peru_services`
--

SET autocommit=0;
INSERT INTO `track_api_peru_services` VALUES (1,1,NULL,0,'2024-08-11 08:58:27'),(2,1,NULL,0,'2024-08-12 01:06:47'),(3,1,'10747646045',2,'2024-08-12 13:34:55'),(4,1,'10747646045',2,'2024-08-12 13:36:28'),(5,1,'10747646045',2,'2024-08-12 15:23:56'),(6,1,'10747646045',2,'2024-08-12 16:03:10'),(7,1,'10747646045',2,'2024-08-12 17:01:56'),(8,1,'10747646045',2,'2024-08-12 17:02:10'),(9,1,'10747646045',2,'2024-08-12 17:30:18'),(10,1,'10747646045',2,'2024-08-12 17:47:24'),(11,1,'10438152852',1,'2024-08-12 17:51:41'),(12,1,'10438152852',1,'2024-08-12 18:26:15'),(13,1,'10747646045',2,'2024-08-13 15:15:03'),(14,1,'10438152852',1,'2024-08-13 17:26:02'),(15,1,'10438152852',1,'2024-08-13 17:26:13'),(16,1,'10747646045',2,'2024-08-13 19:03:11'),(17,1,'10747646045',2,'2024-08-13 19:54:28'),(18,1,'10747646045',2,'2024-08-13 20:23:28'),(19,1,'10747646045',2,'2024-08-13 22:13:54'),(20,1,'10747646045',2,'2024-08-14 15:30:46'),(21,1,'10438152852',1,'2024-08-14 16:09:21'),(22,1,'10438152852',1,'2024-08-14 16:14:22'),(23,1,'10747646045',2,'2024-08-14 16:15:49'),(24,1,'10747646045',2,'2024-08-14 16:38:58'),(25,1,'10438152852',1,'2024-08-14 17:45:38'),(26,1,'10747646045',2,'2024-08-14 17:52:16'),(27,1,'10747646045',2,'2024-08-14 19:12:45'),(28,1,'10438152852',1,'2024-08-14 19:36:35'),(29,1,'10438152852',1,'2024-08-14 20:03:13'),(30,1,'10747646045',2,'2024-08-14 20:53:47'),(31,1,'10438152852',1,'2024-08-14 22:39:15'),(32,1,'10747646045',2,'2024-08-15 16:22:47'),(33,1,'10438152852',1,'2024-08-15 18:27:43'),(34,1,'10747646045',2,'2024-08-15 20:12:18'),(35,1,'10747646045',2,'2024-08-15 20:12:37'),(36,1,'10747646045',2,'2024-08-16 14:47:17'),(37,1,'10747646045',2,'2024-08-16 14:56:26'),(38,1,'10747646045',2,'2024-08-16 15:44:09'),(39,1,'10747646045',2,'2024-08-16 15:59:48'),(40,1,'10747646045',2,'2024-08-16 16:25:14'),(41,1,'10747646045',2,'2024-08-16 17:13:06'),(42,1,'10747646045',2,'2024-08-16 17:18:01'),(43,1,'10747646045',2,'2024-08-16 17:20:10'),(44,1,'10747646045',2,'2024-08-16 17:44:19'),(45,1,'10747646045',2,'2024-08-16 17:52:18'),(46,1,'10747646045',2,'2024-08-16 18:09:39'),(47,1,'10747646045',2,'2024-08-16 19:13:43'),(48,1,'10747646045',2,'2024-08-16 20:28:13'),(49,1,'10747646045',2,'2024-08-16 20:58:53'),(50,1,'10747646045',2,'2024-08-16 22:11:43'),(51,1,'10438152852',1,'2024-08-16 22:29:38'),(52,1,'10747646045',2,'2024-08-16 22:50:07'),(53,1,'10747646045',2,'2024-08-16 22:50:25'),(54,1,'10747646045',2,'2024-08-16 22:51:29'),(55,1,'10438152852',1,'2024-08-17 16:39:24'),(56,1,'10438152852',1,'2024-08-17 16:41:19'),(57,1,'10747646045',2,'2024-08-17 17:34:05'),(58,1,'10438152852',1,'2024-08-17 20:00:15'),(59,1,'10747646045',2,'2024-08-17 20:23:45'),(60,1,'10438152852',1,'2024-08-17 22:38:24'),(61,1,'10438152852',1,'2024-08-18 01:15:26'),(62,1,'10438152852',1,'2024-08-18 01:19:32'),(63,1,'10438152852',1,'2024-08-18 15:21:10'),(64,1,'10747646045',2,'2024-08-18 16:35:59'),(65,1,'10747646045',2,'2024-08-18 17:02:15'),(66,1,'10747646045',2,'2024-08-18 17:40:23'),(67,1,'10747646045',2,'2024-08-18 17:51:52'),(68,1,'10747646045',2,'2024-08-18 19:29:23'),(69,1,'10438152852',1,'2024-08-18 19:35:44'),(70,1,'10747646045',2,'2024-08-18 20:08:50'),(71,1,'10438152852',1,'2024-08-19 13:40:23'),(72,1,'10747646045',2,'2024-08-19 18:07:07'),(73,1,'10747646045',2,'2024-08-19 19:04:00'),(74,1,'10747646045',2,'2024-08-19 19:20:43'),(75,1,'10438152852',1,'2024-08-19 20:02:57'),(76,1,'10747646045',2,'2024-08-19 21:39:31'),(77,1,'10438152852',1,'2024-08-20 14:19:22'),(78,1,'10438152852',1,'2024-08-20 14:22:45'),(79,1,'10438152852',1,'2024-08-20 14:23:10'),(80,1,'10438152852',1,'2024-08-20 14:23:57'),(81,1,'10438152852',1,'2024-08-20 14:25:50'),(82,1,'10438152852',1,'2024-08-20 14:40:33'),(83,1,'10747646045',2,'2024-08-20 15:47:38'),(84,1,'10747646045',2,'2024-08-20 16:05:08'),(85,1,'10747646045',2,'2024-08-20 16:06:29'),(86,1,'10747646045',2,'2024-08-20 19:24:58'),(87,1,'10747646045',2,'2024-08-20 19:39:46'),(88,1,'10747646045',2,'2024-08-20 19:50:34'),(89,1,'10747646045',2,'2024-08-20 20:14:16'),(90,1,'10747646045',2,'2024-08-20 20:39:41'),(91,1,'10747646045',2,'2024-08-20 20:39:56'),(92,1,'10747646045',2,'2024-08-20 22:14:59'),(93,1,'10747646045',2,'2024-08-20 22:24:43'),(94,1,'10747646045',2,'2024-08-21 15:16:26'),(95,1,'10747646045',2,'2024-08-21 15:16:39'),(96,1,'10747646045',2,'2024-08-21 15:30:12'),(97,1,'10747646045',2,'2024-08-21 15:52:59'),(98,1,'10747646045',2,'2024-08-21 16:46:03'),(99,1,'10747646045',2,'2024-08-21 18:17:45'),(100,1,'10747646045',2,'2024-08-21 18:52:06'),(101,1,'10747646045',2,'2024-08-21 19:36:33'),(102,1,'10747646045',2,'2024-08-21 21:12:15'),(103,1,'10747646045',2,'2024-08-21 22:46:57'),(104,1,'10747646045',2,'2024-08-21 22:47:16'),(105,1,'10747646045',2,'2024-08-21 22:47:38'),(106,1,'10747646045',2,'2024-08-22 14:11:48'),(107,1,'10747646045',2,'2024-08-22 14:11:55'),(108,1,'10747646045',2,'2024-08-22 15:49:08'),(109,1,NULL,0,'2024-08-22 16:12:17'),(110,1,'10747646045',2,'2024-08-22 17:01:37'),(111,1,'10747646045',2,'2024-08-22 17:39:54'),(112,1,'10747646045',2,'2024-08-22 17:59:13'),(113,1,'10747646045',2,'2024-08-22 19:05:54'),(114,1,'10747646045',2,'2024-08-22 19:21:31'),(115,1,'10747646045',2,'2024-08-22 19:26:36'),(116,1,'10438152852',1,'2024-08-22 22:13:50'),(117,1,'10747646045',2,'2024-08-23 15:57:56'),(118,1,'10747646045',2,'2024-08-23 16:09:45'),(119,1,'10747646045',2,'2024-08-23 16:56:11'),(120,1,'10747646045',2,'2024-08-23 16:56:34'),(121,1,'10438152852',1,'2024-08-23 16:57:31'),(122,1,'10747646045',2,'2024-08-23 17:02:00'),(123,1,'10747646045',2,'2024-08-23 17:23:21'),(124,1,'10747646045',2,'2024-08-23 17:43:44'),(125,1,'10747646045',2,'2024-08-23 18:04:27'),(126,1,'10747646045',2,'2024-08-23 19:18:20'),(127,1,'10747646045',2,'2024-08-23 19:24:19'),(128,1,'10747646045',2,'2024-08-23 19:54:57'),(129,1,'10747646045',2,'2024-08-24 14:51:46'),(130,1,'10747646045',2,'2024-08-24 14:52:10'),(131,1,'10747646045',2,'2024-08-24 16:56:52'),(132,1,'10747646045',2,'2024-08-24 16:58:11'),(133,1,'10747646045',2,'2024-08-24 17:06:47'),(134,1,'10747646045',2,'2024-08-24 20:16:59'),(135,1,'10747646045',2,'2024-08-24 20:41:00'),(136,1,'10747646045',2,'2024-08-24 21:25:43'),(137,1,'10747646045',2,'2024-08-24 21:26:17'),(138,1,'10747646045',2,'2024-08-24 21:38:20'),(139,1,'10747646045',2,'2024-08-24 23:39:12'),(140,1,'10747646045',2,'2024-08-24 23:43:39'),(141,1,'10747646045',2,'2024-08-25 15:54:08'),(142,1,'10747646045',2,'2024-08-25 17:05:27'),(143,1,'10747646045',2,'2024-08-25 17:44:47'),(144,1,'10747646045',2,'2024-08-25 19:41:56'),(145,1,'10747646045',2,'2024-08-25 19:57:05'),(146,1,'10747646045',2,'2024-08-25 20:19:16'),(147,1,'10747646045',2,'2024-08-25 21:16:42'),(148,1,'10747646045',2,'2024-08-26 13:56:30'),(149,1,'10747646045',2,'2024-08-26 14:14:19'),(150,1,'10747646045',2,'2024-08-26 14:50:26'),(151,1,'10747646045',2,'2024-08-26 15:52:08'),(152,1,'10747646045',2,'2024-08-26 16:36:09'),(153,1,'10747646045',2,'2024-08-26 16:39:15'),(154,1,'10747646045',2,'2024-08-26 16:52:05'),(155,1,'10747646045',2,'2024-08-26 16:58:10'),(156,1,'10747646045',2,'2024-08-26 19:34:44'),(157,1,'10747646045',2,'2024-08-26 20:25:34'),(158,1,'10747646045',2,'2024-08-26 21:11:00'),(159,1,'10747646045',2,'2024-08-26 21:15:54'),(160,1,'10747646045',2,'2024-08-26 21:20:35'),(161,1,'10747646045',2,'2024-08-26 21:38:44'),(162,1,'10747646045',2,'2024-08-26 21:50:28'),(163,1,'10747646045',2,'2024-08-26 21:53:30'),(164,1,'10438152852',1,'2024-08-26 22:18:38'),(165,1,'10438152852',1,'2024-08-26 22:22:25'),(166,1,'10747646045',2,'2024-08-26 22:44:34'),(167,1,'10747646045',2,'2024-08-26 22:45:09'),(168,1,'10747646045',2,'2024-08-26 22:46:07'),(169,1,'10438152852',1,'2024-08-27 14:58:16'),(170,1,'10747646045',2,'2024-08-27 15:02:50'),(171,1,'10747646045',2,'2024-08-27 15:58:22'),(172,1,'10438152852',1,'2024-08-27 17:12:44'),(173,1,'10747646045',2,'2024-08-27 18:03:01'),(174,1,'10747646045',2,'2024-08-27 18:16:17'),(175,1,'10747646045',2,'2024-08-27 18:29:40'),(176,1,'10747646045',2,'2024-08-27 19:53:13'),(177,1,'10747646045',2,'2024-08-27 20:19:22'),(178,1,'10747646045',2,'2024-08-27 21:30:46'),(179,1,'10747646045',2,'2024-08-27 21:36:16'),(180,1,'10747646045',2,'2024-08-28 16:09:23'),(181,1,'10747646045',2,'2024-08-28 16:09:47'),(182,1,'10747646045',2,'2024-08-28 16:40:50'),(183,1,'10747646045',2,'2024-08-28 17:48:53'),(184,1,'10438152852',1,'2024-08-28 18:33:24'),(185,1,'10438152852',1,'2024-08-28 18:34:12'),(186,1,'10747646045',2,'2024-08-28 18:51:05'),(187,1,'10438152852',1,'2024-08-28 20:16:31'),(188,1,'10747646045',2,'2024-08-28 20:41:36'),(189,1,'10747646045',2,'2024-08-28 21:52:45'),(190,1,'10438152852',1,'2024-08-28 23:46:26'),(191,1,'10747646045',2,'2024-08-29 13:42:01'),(192,1,'10747646045',2,'2024-08-29 14:21:10'),(193,1,'10747646045',2,'2024-08-29 16:24:47'),(194,1,'10747646045',2,'2024-08-29 19:16:37'),(195,1,'10747646045',2,'2024-08-29 19:27:06'),(196,1,'10747646045',2,'2024-08-29 19:27:10'),(197,1,'10747646045',2,'2024-08-29 19:27:27'),(198,1,'10747646045',2,'2024-08-29 19:44:50'),(199,1,'10747646045',2,'2024-08-29 22:02:57'),(200,1,'10747646045',2,'2024-08-29 22:03:14'),(201,1,'10747646045',2,'2024-08-30 16:17:26'),(202,1,'10747646045',2,'2024-08-30 16:41:57'),(203,1,'10747646045',2,'2024-08-30 16:55:29'),(204,1,'10747646045',2,'2024-08-30 17:16:07'),(205,1,'10747646045',2,'2024-08-30 17:16:42'),(206,1,'10747646045',2,'2024-08-30 17:40:10'),(207,1,'10747646045',2,'2024-08-30 17:47:40'),(208,1,'10747646045',2,'2024-08-30 18:23:18'),(209,1,'10747646045',2,'2024-08-30 19:35:06'),(210,1,'10747646045',2,'2024-08-30 19:53:58'),(211,1,'10747646045',2,'2024-08-30 19:55:01'),(212,1,'10747646045',2,'2024-08-30 21:02:58'),(213,1,'10747646045',2,'2024-08-30 21:11:34'),(214,1,'10747646045',2,'2024-08-30 21:33:06'),(215,1,'10747646045',2,'2024-08-30 21:37:52'),(216,1,'10747646045',2,'2024-08-30 21:44:53'),(217,1,'10747646045',2,'2024-08-31 14:35:58'),(218,1,'10747646045',2,'2024-08-31 16:32:19'),(219,1,'10747646045',2,'2024-08-31 16:35:41'),(220,1,'10747646045',2,'2024-08-31 16:50:21'),(221,1,'10747646045',2,'2024-08-31 17:37:25'),(222,1,'10747646045',2,'2024-08-31 17:45:10'),(223,1,'10747646045',2,'2024-08-31 17:45:25'),(224,1,'10747646045',2,'2024-08-31 18:28:03'),(225,1,'10747646045',2,'2024-08-31 18:29:22'),(226,1,'10747646045',2,'2024-08-31 20:08:20'),(227,1,'10747646045',2,'2024-08-31 20:56:10'),(228,1,'10747646045',2,'2024-08-31 21:26:54'),(229,1,'10747646045',2,'2024-08-31 21:30:52'),(230,1,'10747646045',2,'2024-08-31 21:38:36'),(231,1,'10747646045',2,'2024-08-31 21:50:52'),(232,1,'10747646045',2,'2024-08-31 22:37:59'),(233,1,'10747646045',2,'2024-08-31 22:49:38'),(234,1,'10747646045',2,'2024-08-31 23:05:21'),(235,1,'10747646045',2,'2024-08-31 23:05:36'),(236,1,'10747646045',2,'2024-08-31 23:17:56'),(237,1,'10747646045',2,'2024-09-01 14:47:11'),(238,1,'10747646045',2,'2024-09-01 14:52:35'),(239,1,'10747646045',2,'2024-09-01 15:33:03'),(240,1,'10747646045',2,'2024-09-01 16:19:32'),(241,1,'10747646045',2,'2024-09-01 16:57:08'),(242,1,'10438152852',1,'2024-09-01 17:59:15'),(243,1,'10747646045',2,'2024-09-01 18:09:01'),(244,1,'10747646045',2,'2024-09-01 20:00:23'),(245,1,'10747646045',2,'2024-09-01 20:31:52'),(246,1,'10747646045',2,'2024-09-01 20:41:16'),(247,1,'10747646045',2,'2024-09-02 14:45:17'),(248,1,'10747646045',2,'2024-09-02 15:15:28'),(249,1,'10747646045',2,'2024-09-02 16:34:52'),(250,1,'10438152852',1,'2024-09-02 17:54:05'),(251,1,'10747646045',2,'2024-09-02 17:54:18'),(252,1,'10747646045',2,'2024-09-02 18:57:07'),(253,1,'10747646045',2,'2024-09-02 19:00:27'),(254,1,'10747646045',2,'2024-09-02 20:55:32'),(255,1,'10438152852',1,'2024-09-02 21:56:55'),(256,1,'10747646045',2,'2024-09-02 22:31:34'),(257,1,'10747646045',2,'2024-09-02 23:42:30'),(258,1,'10747646045',2,'2024-09-03 00:01:44'),(259,1,'10747646045',2,'2024-09-03 15:18:06'),(260,1,'10438152852',1,'2024-09-03 15:47:20'),(261,1,'10747646045',2,'2024-09-03 16:30:36'),(262,1,'10747646045',2,'2024-09-03 16:43:31'),(263,1,'10747646045',2,'2024-09-03 19:22:30'),(264,1,'10747646045',2,'2024-09-03 19:54:43'),(265,1,'10747646045',2,'2024-09-03 19:55:49'),(266,1,'10747646045',2,'2024-09-03 19:55:55'),(267,1,'10747646045',2,'2024-09-03 19:56:04'),(268,1,'10747646045',2,'2024-09-03 19:56:27'),(269,1,'10747646045',2,'2024-09-03 22:27:34'),(270,1,'10747646045',2,'2024-09-04 16:31:02'),(271,1,'10747646045',2,'2024-09-04 18:53:46'),(272,1,'10747646045',2,'2024-09-04 20:14:43'),(273,1,'10747646045',2,'2024-09-04 20:18:20'),(274,1,'10747646045',2,'2024-09-04 20:18:40'),(275,1,'10747646045',2,'2024-09-04 20:28:06'),(276,1,'10747646045',2,'2024-09-04 21:40:56'),(277,1,'10747646045',2,'2024-09-04 22:37:03'),(278,1,'10747646045',2,'2024-09-04 23:08:57'),(279,1,'10747646045',2,'2024-09-05 15:36:00'),(280,1,'10747646045',2,'2024-09-05 15:49:59'),(281,1,'10747646045',2,'2024-09-05 16:27:51'),(282,1,'10747646045',2,'2024-09-05 16:27:51'),(283,1,'10747646045',2,'2024-09-05 16:27:57'),(284,1,'10747646045',2,'2024-09-05 16:50:59'),(285,1,'10438152852',1,'2024-09-05 17:38:02'),(286,1,'10747646045',2,'2024-09-05 18:50:58'),(287,1,'10747646045',2,'2024-09-05 18:51:00'),(288,1,'10747646045',2,'2024-09-05 18:51:10'),(289,1,'10747646045',2,'2024-09-05 18:51:15'),(290,1,'10438152852',1,'2024-09-05 19:35:53'),(291,1,'10747646045',2,'2024-09-05 20:47:57'),(292,1,'10747646045',2,'2024-09-05 21:15:11'),(293,1,'10747646045',2,'2024-09-05 21:18:37'),(294,1,'10747646045',2,'2024-09-05 23:26:33'),(295,1,'10747646045',2,'2024-09-05 23:31:42'),(296,1,'10438152852',1,'2024-09-06 17:18:23'),(297,1,'10747646045',2,'2024-09-06 17:56:47'),(298,1,'10747646045',2,'2024-09-06 19:04:32'),(299,1,'10747646045',2,'2024-09-06 19:17:41'),(300,1,'10747646045',2,'2024-09-06 19:19:14'),(301,1,'10747646045',2,'2024-09-06 19:40:34'),(302,1,'10747646045',2,'2024-09-06 20:53:26'),(303,1,'10747646045',2,'2024-09-06 21:19:19'),(304,1,'10747646045',2,'2024-09-07 14:43:09'),(305,1,'10747646045',2,'2024-09-07 15:15:51'),(306,1,'10747646045',2,'2024-09-07 17:23:20'),(307,1,'10747646045',2,'2024-09-07 19:43:53'),(308,1,'10747646045',2,'2024-09-07 20:06:36'),(309,1,'10747646045',2,'2024-09-07 20:22:23'),(310,1,'10747646045',2,'2024-09-07 21:54:25'),(311,1,'10747646045',2,'2024-09-07 22:12:32'),(312,1,'10747646045',2,'2024-09-07 22:36:05'),(313,1,'10747646045',2,'2024-09-07 23:02:26'),(314,1,'10747646045',2,'2024-09-07 23:02:39'),(315,1,'10747646045',2,'2024-09-07 23:09:15'),(316,1,'10747646045',2,'2024-09-08 15:23:58'),(317,1,'10747646045',2,'2024-09-08 16:12:03'),(318,1,'10747646045',2,'2024-09-08 16:26:16'),(319,1,'10747646045',2,'2024-09-08 16:31:58'),(320,1,'10747646045',2,'2024-09-08 16:32:10'),(321,1,'10747646045',2,'2024-09-08 16:32:43'),(322,1,'10747646045',2,'2024-09-08 17:39:33'),(323,1,'10747646045',2,'2024-09-08 17:57:50'),(324,1,'10747646045',2,'2024-09-08 18:29:21'),(325,1,'10747646045',2,'2024-09-08 18:29:24'),(326,1,'10747646045',2,'2024-09-08 18:34:47'),(327,1,'10747646045',2,'2024-09-08 20:00:16'),(328,1,'10747646045',2,'2024-09-08 20:21:51'),(329,1,'10747646045',2,'2024-09-08 20:28:27'),(330,1,'10747646045',2,'2024-09-08 20:52:18'),(331,1,'10747646045',2,'2024-09-09 17:22:30'),(332,1,'10747646045',2,'2024-09-09 17:43:34'),(333,1,'10747646045',2,'2024-09-09 18:57:17'),(334,1,'10747646045',2,'2024-09-09 18:57:53'),(335,1,'10747646045',2,'2024-09-09 19:03:26'),(336,1,'10747646045',2,'2024-09-09 19:17:19'),(337,1,'10747646045',2,'2024-09-09 19:46:23'),(338,1,'10747646045',2,'2024-09-09 19:47:58'),(339,1,'10747646045',2,'2024-09-09 20:09:03'),(340,1,'10747646045',2,'2024-09-09 20:12:50'),(341,1,'10747646045',2,'2024-09-09 20:30:24'),(342,1,'10747646045',2,'2024-09-09 21:37:03'),(343,1,'10747646045',2,'2024-09-09 23:01:32'),(344,1,'10438152852',1,'2024-09-09 23:15:40'),(345,1,'10438152852',1,'2024-09-09 23:16:30'),(346,1,'10438152852',1,'2024-09-09 23:16:38'),(347,1,'10747646045',2,'2024-09-10 14:08:49'),(348,1,'10747646045',2,'2024-09-10 15:08:50'),(349,1,'10747646045',2,'2024-09-10 15:25:45'),(350,1,'10438152852',1,'2024-09-10 16:43:02'),(351,1,'10747646045',2,'2024-09-10 17:14:04'),(352,1,'10747646045',2,'2024-09-10 17:14:24'),(353,1,'10747646045',2,'2024-09-10 18:28:39'),(354,1,'10747646045',2,'2024-09-10 18:31:17'),(355,1,'10747646045',2,'2024-09-10 18:39:22'),(356,1,'10747646045',2,'2024-09-10 19:36:59'),(357,1,'10747646045',2,'2024-09-10 19:49:37'),(358,1,'10747646045',2,'2024-09-10 20:01:12'),(359,1,'10747646045',2,'2024-09-10 20:47:51'),(360,1,'10438152852',1,'2024-09-11 14:50:16'),(361,1,'10747646045',2,'2024-09-11 15:32:24'),(362,1,'10747646045',2,'2024-09-11 16:45:45'),(363,1,'10747646045',2,'2024-09-11 16:46:00'),(364,1,'10747646045',2,'2024-09-11 20:15:02'),(365,1,'10747646045',2,'2024-09-11 20:34:49'),(366,1,'10747646045',2,'2024-09-11 20:35:48'),(367,1,'10747646045',2,'2024-09-11 20:59:47'),(368,1,'10747646045',2,'2024-09-11 21:02:44'),(369,1,'10747646045',2,'2024-09-11 22:23:30'),(370,1,'10747646045',2,'2024-09-11 22:39:26'),(371,1,'10747646045',2,'2024-09-12 13:03:52'),(372,1,'10747646045',2,'2024-09-12 16:05:53'),(373,1,'10747646045',2,'2024-09-12 16:12:09'),(374,1,'10747646045',2,'2024-09-12 16:28:50'),(375,1,'10747646045',2,'2024-09-12 16:30:06'),(376,1,'10747646045',2,'2024-09-12 16:44:09'),(377,1,'10747646045',2,'2024-09-12 16:52:22'),(378,1,'10438152852',1,'2024-09-12 18:36:54'),(379,1,'10747646045',2,'2024-09-12 20:53:36'),(380,1,'10438152852',1,'2024-09-12 22:36:01'),(381,1,'10438152852',1,'2024-09-12 22:37:07'),(382,1,'10747646045',2,'2024-09-13 13:49:15'),(383,1,'10747646045',2,'2024-09-13 13:49:41'),(384,1,'10747646045',2,'2024-09-13 16:39:27'),(385,1,'10747646045',2,'2024-09-13 16:40:37'),(386,1,'10747646045',2,'2024-09-13 17:11:04'),(387,1,'10747646045',2,'2024-09-13 17:11:11'),(388,1,'10747646045',2,'2024-09-13 19:36:10'),(389,1,'10747646045',2,'2024-09-13 21:50:07'),(390,1,'10747646045',2,'2024-09-14 12:59:01'),(391,1,'10747646045',2,'2024-09-14 16:06:22'),(392,1,'10747646045',2,'2024-09-14 16:29:09'),(393,1,'10747646045',2,'2024-09-14 16:35:31'),(394,1,'10747646045',2,'2024-09-14 16:37:40'),(395,1,'10438152852',1,'2024-09-14 16:55:48'),(396,1,'10747646045',2,'2024-09-14 17:20:46'),(397,1,'10747646045',2,'2024-09-14 19:44:35'),(398,1,'10438152852',1,'2024-09-14 19:46:23'),(399,1,'10747646045',2,'2024-09-14 21:33:22'),(400,1,'10747646045',2,'2024-09-15 14:46:46'),(401,1,'10747646045',2,'2024-09-16 17:13:16'),(402,1,'10747646045',2,'2024-09-16 17:13:32'),(403,1,'10747646045',2,'2024-09-16 17:14:25'),(404,1,'10747646045',2,'2024-09-16 17:55:57'),(405,1,'10747646045',2,'2024-09-16 17:57:58'),(406,1,'10747646045',2,'2024-09-16 18:02:26'),(407,1,'10438152852',1,'2024-09-16 18:52:14'),(408,1,'10747646045',2,'2024-09-16 19:06:14'),(409,1,'10438152852',1,'2024-09-16 19:12:57'),(410,1,'10747646045',2,'2024-09-16 19:37:53'),(411,1,'10747646045',2,'2024-09-16 20:02:54'),(412,1,'10747646045',2,'2024-09-16 21:51:23'),(413,1,'10747646045',2,'2024-09-16 23:17:54'),(414,1,'10747646045',2,'2024-09-17 14:00:20'),(415,1,'10438152852',1,'2024-09-17 16:30:13'),(416,1,'10747646045',2,'2024-09-17 17:53:48'),(417,1,'10747646045',2,'2024-09-17 19:05:24'),(418,1,'10747646045',2,'2024-09-17 19:12:30'),(419,1,'10747646045',2,'2024-09-18 14:46:39'),(420,1,'10747646045',2,'2024-09-18 14:56:46'),(421,1,'10747646045',2,'2024-09-18 16:58:53'),(422,1,'10747646045',2,'2024-09-18 18:54:20'),(423,1,'10747646045',2,'2024-09-18 19:57:02'),(424,1,'10747646045',2,'2024-09-18 21:17:27'),(425,1,'10747646045',2,'2024-09-18 21:31:57'),(426,1,'10747646045',2,'2024-09-18 22:28:52'),(427,1,'10747646045',2,'2024-09-19 14:03:19'),(428,1,'10438152852',1,'2024-09-19 14:07:41'),(429,1,'10747646045',2,'2024-09-19 15:12:53'),(430,1,'10747646045',2,'2024-09-19 15:23:30'),(431,1,'10747646045',2,'2024-09-19 15:40:22'),(432,1,'10747646045',2,'2024-09-19 15:40:34'),(433,1,'10747646045',2,'2024-09-19 15:45:06'),(434,1,'10747646045',2,'2024-09-19 16:04:13'),(435,1,'10747646045',2,'2024-09-19 16:07:53'),(436,1,'10747646045',2,'2024-09-19 16:16:43'),(437,1,'10747646045',2,'2024-09-19 16:25:35'),(438,1,'10747646045',2,'2024-09-19 16:42:51'),(439,1,'10747646045',2,'2024-09-19 16:42:54'),(440,1,'10747646045',2,'2024-09-19 17:27:31'),(441,1,'10747646045',2,'2024-09-19 17:39:29'),(442,1,'10747646045',2,'2024-09-19 17:49:16'),(443,1,'10747646045',2,'2024-09-19 19:06:17'),(444,1,'10747646045',2,'2024-09-19 21:01:06'),(445,1,'10747646045',2,'2024-09-19 22:09:55'),(446,1,'10747646045',2,'2024-09-19 22:23:21'),(447,1,'10747646045',2,'2024-09-19 22:35:03'),(448,1,'10747646045',2,'2024-09-19 23:24:38'),(449,1,'10747646045',2,'2024-09-20 14:43:07'),(450,1,'10747646045',2,'2024-09-20 15:29:11'),(451,1,'10747646045',2,'2024-09-20 16:09:26'),(452,1,'10747646045',2,'2024-09-20 17:24:05'),(453,1,'10747646045',2,'2024-09-20 18:43:21'),(454,1,'10747646045',2,'2024-09-20 18:53:50'),(455,1,'10747646045',2,'2024-09-20 21:23:38'),(456,1,'10747646045',2,'2024-09-20 21:49:33'),(457,1,'10747646045',2,'2024-09-20 22:00:56'),(458,1,'10747646045',2,'2024-09-21 14:11:47'),(459,1,'10747646045',2,'2024-09-21 14:13:30'),(460,1,'10747646045',2,'2024-09-21 16:18:41'),(461,1,'10438152852',1,'2024-09-21 16:21:10'),(462,1,'10747646045',2,'2024-09-21 16:45:12'),(463,1,'10747646045',2,'2024-09-21 16:45:15'),(464,1,'10747646045',2,'2024-09-21 17:06:06'),(465,1,'10747646045',2,'2024-09-21 17:11:15'),(466,1,'10747646045',2,'2024-09-21 17:32:23'),(467,1,'10747646045',2,'2024-09-21 18:26:53'),(468,1,'10438152852',1,'2024-09-21 19:01:37'),(469,1,'10438152852',1,'2024-09-21 19:01:52'),(470,1,'10438152852',1,'2024-09-21 19:02:41'),(471,1,'10438152852',1,'2024-09-21 19:25:48'),(472,1,'10438152852',1,'2024-09-21 19:33:58'),(473,1,'10747646045',2,'2024-09-22 15:25:44'),(474,1,'10747646045',2,'2024-09-22 15:52:10'),(475,1,'10438152852',1,'2024-09-22 16:29:46'),(476,1,'10747646045',2,'2024-09-22 17:07:08'),(477,1,'10747646045',2,'2024-09-22 17:32:53'),(478,1,'10438152852',1,'2024-09-22 18:28:45'),(479,1,'10747646045',2,'2024-09-22 19:05:55'),(480,1,'10747646045',2,'2024-09-23 13:07:42'),(481,1,'10747646045',2,'2024-09-23 13:07:54'),(482,1,'10747646045',2,'2024-09-23 15:17:38'),(483,1,'10747646045',2,'2024-09-23 15:21:16'),(484,1,'10747646045',2,'2024-09-23 17:00:27'),(485,1,'10747646045',2,'2024-09-23 18:35:20'),(486,1,'10438152852',1,'2024-09-23 20:01:21'),(487,1,'10747646045',2,'2024-09-23 20:55:28'),(488,1,'10747646045',2,'2024-09-23 21:29:01'),(489,1,'10747646045',2,'2024-09-23 21:43:32'),(490,1,'10747646045',2,'2024-09-23 22:07:51'),(491,1,'10747646045',2,'2024-09-23 22:18:09'),(492,1,'10747646045',2,'2024-09-23 23:08:11'),(493,1,'10438152852',1,'2024-09-23 23:21:55'),(494,1,'10747646045',2,'2024-09-24 14:15:56'),(495,1,'10747646045',2,'2024-09-24 16:39:10'),(496,1,'10747646045',2,'2024-09-24 17:23:27'),(497,1,'10747646045',2,'2024-09-24 17:56:43'),(498,1,'10438152852',1,'2024-09-24 19:18:18'),(499,1,'10747646045',2,'2024-09-24 19:53:53'),(500,1,'10747646045',2,'2024-09-24 19:53:58'),(501,1,'10747646045',2,'2024-09-24 19:54:45'),(502,1,'10438152852',1,'2024-09-24 19:57:04'),(503,1,'10747646045',2,'2024-09-24 20:02:31'),(504,1,'10747646045',2,'2024-09-24 20:05:26'),(505,1,'10438152852',1,'2024-09-24 20:19:32'),(506,1,'10438152852',1,'2024-09-24 20:20:10'),(507,1,'10747646045',2,'2024-09-24 20:27:39'),(508,1,'10747646045',2,'2024-09-24 20:28:04'),(509,1,'10438152852',1,'2024-09-24 21:39:58'),(510,1,'10747646045',2,'2024-09-24 22:16:34'),(511,1,'10747646045',2,'2024-09-24 22:27:03'),(512,1,'10438152852',1,'2024-09-25 14:03:07'),(513,1,'10747646045',2,'2024-09-25 14:44:10'),(514,1,'10747646045',2,'2024-09-25 15:01:48'),(515,1,'10438152852',1,'2024-09-25 16:02:38'),(516,1,'10747646045',2,'2024-09-25 16:32:41'),(517,1,'10747646045',2,'2024-09-25 16:51:46'),(518,1,'10438152852',1,'2024-09-25 19:42:55'),(519,1,'10747646045',2,'2024-09-25 22:15:11'),(520,1,'10438152852',1,'2024-09-27 15:23:09'),(521,1,'10438152852',1,'2024-09-27 16:17:55'),(522,1,'10438152852',1,'2024-09-27 16:32:53'),(523,1,'10747646045',2,'2024-09-27 18:56:13'),(524,1,'10747646045',2,'2024-09-28 13:06:37'),(525,1,'10747646045',2,'2024-09-28 15:00:58'),(526,1,'10747646045',2,'2024-09-28 16:02:29'),(527,1,'10747646045',2,'2024-09-28 16:04:08'),(528,1,'10747646045',2,'2024-09-28 17:51:12'),(529,1,'10747646045',2,'2024-09-28 18:37:39'),(530,1,'10747646045',2,'2024-09-28 20:08:06'),(531,1,'10747646045',2,'2024-09-28 20:42:39'),(532,1,'10747646045',2,'2024-09-28 21:00:03'),(533,1,'10438152852',1,'2024-09-28 21:32:04'),(534,1,'10747646045',2,'2024-09-29 18:16:19'),(535,1,'10747646045',2,'2024-09-30 14:21:08'),(536,1,'10747646045',2,'2024-09-30 14:21:13'),(537,1,'10747646045',2,'2024-09-30 14:40:21'),(538,1,'10747646045',2,'2024-09-30 14:40:55'),(539,1,'10747646045',2,'2024-09-30 15:01:33'),(540,1,'10747646045',2,'2024-09-30 15:54:17'),(541,1,'10747646045',2,'2024-09-30 16:13:20'),(542,1,'10747646045',2,'2024-09-30 17:01:58'),(543,1,'10747646045',2,'2024-09-30 17:17:48'),(544,1,'10747646045',2,'2024-09-30 19:33:25'),(545,1,'10438152852',1,'2024-09-30 20:18:28'),(546,1,'10747646045',2,'2024-10-01 13:25:34'),(547,1,'10438152852',1,'2024-10-01 15:08:53'),(548,1,'10747646045',2,'2024-10-01 17:45:11'),(549,1,'10438152852',1,'2024-10-01 19:00:24'),(550,1,'10747646045',2,'2024-10-01 19:01:57'),(551,1,'10747646045',2,'2024-10-01 19:55:13'),(552,1,'10747646045',2,'2024-10-01 21:14:48'),(553,1,'10747646045',2,'2024-10-02 16:27:23'),(554,1,'10747646045',2,'2024-10-02 16:29:36'),(555,1,'10747646045',2,'2024-10-02 16:51:04'),(556,1,'10747646045',2,'2024-10-02 16:54:45'),(557,1,'10747646045',2,'2024-10-02 18:16:27'),(558,1,'10747646045',2,'2024-10-02 18:20:10'),(559,1,'10747646045',2,'2024-10-02 19:22:03'),(560,1,'10747646045',2,'2024-10-02 21:27:52'),(561,1,'10438152852',1,'2024-10-02 21:32:30'),(562,1,'10747646045',2,'2024-10-03 18:32:29'),(563,1,'10438152852',1,'2024-10-04 14:21:46'),(564,1,'10747646045',2,'2024-10-04 15:28:37'),(565,1,'10747646045',2,'2024-10-04 16:22:50'),(566,1,'10438152852',1,'2024-10-04 20:48:38'),(567,1,'10438152852',1,'2024-10-04 20:51:39'),(568,1,'10747646045',2,'2024-10-04 23:32:42'),(569,1,'10747646045',2,'2024-10-04 23:33:49'),(570,1,'10747646045',2,'2024-10-05 15:02:12'),(571,1,'10747646045',2,'2024-10-05 15:02:58'),(572,1,'10438152852',1,'2024-10-05 15:05:50'),(573,1,'10438152852',1,'2024-10-05 15:06:14'),(574,1,'10438152852',1,'2024-10-05 15:06:38'),(575,1,'10747646045',2,'2024-10-05 15:12:55'),(576,1,'10747646045',2,'2024-10-05 15:13:26'),(577,1,'10747646045',2,'2024-10-05 15:15:15'),(578,1,'10747646045',2,'2024-10-05 15:20:11'),(579,1,'10438152852',1,'2024-10-05 15:55:59'),(580,1,'10438152852',1,'2024-10-05 15:56:07'),(581,1,'10438152852',1,'2024-10-05 15:56:49'),(582,1,'10438152852',1,'2024-10-05 16:02:27'),(583,1,'10438152852',1,'2024-10-05 16:05:11'),(584,1,'10438152852',1,'2024-10-05 16:05:19'),(585,1,'10438152852',1,'2024-10-05 16:05:38'),(586,1,'10438152852',1,'2024-10-05 16:05:54'),(587,1,'10747646045',2,'2024-10-05 16:20:42'),(588,1,'10747646045',2,'2024-10-05 17:08:29'),(589,1,'10747646045',2,'2024-10-05 17:08:48'),(590,1,'10747646045',2,'2024-10-05 17:09:32'),(591,1,'10747646045',2,'2024-10-05 17:53:07'),(592,1,'10747646045',2,'2024-10-05 18:46:00'),(593,1,'10438152852',1,'2024-10-05 19:43:54'),(594,1,'10747646045',2,'2024-10-05 21:21:00'),(595,1,'10747646045',2,'2024-10-05 21:53:00'),(596,1,'10747646045',2,'2024-10-05 21:54:19'),(597,1,'10747646045',2,'2024-10-06 17:45:49'),(598,1,'10747646045',2,'2024-10-07 14:16:39'),(599,1,'10747646045',2,'2024-10-07 15:08:44'),(600,1,'10747646045',2,'2024-10-07 18:18:48'),(601,1,'10747646045',2,'2024-10-07 18:45:56'),(602,1,'10747646045',2,'2024-10-07 19:08:04'),(603,1,'10747646045',2,'2024-10-07 19:13:46'),(604,1,'10747646045',2,'2024-10-07 19:28:54'),(605,1,'10747646045',2,'2024-10-07 19:29:11'),(606,1,'10747646045',2,'2024-10-07 19:30:06'),(607,1,'10747646045',2,'2024-10-07 19:30:28'),(608,1,'10747646045',2,'2024-10-07 19:30:36'),(609,1,'10747646045',2,'2024-10-07 19:31:05'),(610,1,'10747646045',2,'2024-10-07 19:36:34'),(611,1,'10747646045',2,'2024-10-07 20:20:25'),(612,1,'10747646045',2,'2024-10-07 20:28:02'),(613,1,'10747646045',2,'2024-10-07 22:04:48'),(614,1,'10747646045',2,'2024-10-08 15:13:42'),(615,1,'10747646045',2,'2024-10-08 15:21:50'),(616,1,'10438152852',1,'2024-10-08 15:34:54'),(617,1,'10747646045',2,'2024-10-08 18:50:38'),(618,1,'10747646045',2,'2024-10-08 19:03:27'),(619,1,'10747646045',2,'2024-10-08 19:22:43'),(620,1,'10747646045',2,'2024-10-08 19:51:51'),(621,1,'10747646045',2,'2024-10-08 20:00:41'),(622,1,'10747646045',2,'2024-10-08 20:37:31'),(623,1,'10747646045',2,'2024-10-08 20:59:56'),(624,1,'10747646045',2,'2024-10-08 21:06:49'),(625,1,'10747646045',2,'2024-10-08 21:07:00'),(626,1,'10747646045',2,'2024-10-08 21:36:29'),(627,1,'10747646045',2,'2024-10-08 22:03:42'),(628,1,'10747646045',2,'2024-10-08 22:15:43'),(629,1,'10747646045',2,'2024-10-09 16:14:10'),(630,1,'10747646045',2,'2024-10-09 16:54:54'),(631,1,'10747646045',2,'2024-10-09 17:32:44'),(632,1,'10747646045',2,'2024-10-09 19:45:52'),(633,1,'10747646045',2,'2024-10-09 19:59:09'),(634,1,'10747646045',2,'2024-10-09 19:59:36'),(635,1,'10747646045',2,'2024-10-09 20:02:34'),(636,1,'10747646045',2,'2024-10-09 20:30:19'),(637,1,'10747646045',2,'2024-10-09 21:16:15'),(638,1,'10747646045',2,'2024-10-09 21:42:35'),(639,1,'10747646045',2,'2024-10-09 21:42:47'),(640,1,'10438152852',1,'2024-10-09 22:25:39'),(641,1,'10438152852',1,'2024-10-09 23:06:25'),(642,1,'10438152852',1,'2024-10-10 16:39:40'),(643,1,'10747646045',2,'2024-10-11 14:15:17'),(644,1,'10747646045',2,'2024-10-11 14:36:01'),(645,1,'10747646045',2,'2024-10-11 14:36:25'),(646,1,'10747646045',2,'2024-10-11 14:36:48'),(647,1,'10747646045',2,'2024-10-11 14:42:46'),(648,1,'10747646045',2,'2024-10-11 14:43:06'),(649,1,'10747646045',2,'2024-10-11 14:46:26'),(650,1,'10747646045',2,'2024-10-11 16:52:51'),(651,1,'10747646045',2,'2024-10-11 16:53:02'),(652,1,'10747646045',2,'2024-10-11 16:53:20'),(653,1,'10747646045',2,'2024-10-11 17:13:47'),(654,1,'10747646045',2,'2024-10-11 17:14:09'),(655,1,'10747646045',2,'2024-10-11 17:29:36'),(656,1,'10747646045',2,'2024-10-11 17:54:16'),(657,1,'10747646045',2,'2024-10-11 17:54:35'),(658,1,'10747646045',2,'2024-10-12 15:07:31'),(659,1,'10747646045',2,'2024-10-12 16:54:42'),(660,1,'10438152852',1,'2024-10-12 17:15:05'),(661,1,'10747646045',2,'2024-10-12 20:52:36'),(662,1,'10747646045',2,'2024-10-12 21:17:20'),(663,1,'10747646045',2,'2024-10-12 21:18:51'),(664,1,'10747646045',2,'2024-10-12 21:39:13'),(665,1,'10747646045',2,'2024-10-12 22:25:52'),(666,1,'10747646045',2,'2024-10-13 15:34:17'),(667,1,'10747646045',2,'2024-10-13 15:54:21'),(668,1,'10747646045',2,'2024-10-13 20:02:54'),(669,1,'10747646045',2,'2024-10-13 20:16:56'),(670,1,'10747646045',2,'2024-10-13 20:32:39'),(671,1,'10747646045',2,'2024-10-13 21:01:46'),(672,1,'10747646045',2,'2024-10-13 21:51:34'),(673,1,'10747646045',2,'2024-10-14 14:58:33'),(674,1,'10747646045',2,'2024-10-14 15:11:31'),(675,1,'10438152852',1,'2024-10-14 22:27:58'),(676,1,'10438152852',1,'2024-10-15 14:05:18'),(677,1,'10747646045',2,'2024-10-15 14:06:02'),(678,1,'10747646045',2,'2024-10-15 14:07:44'),(679,1,'10438152852',1,'2024-10-15 14:17:54'),(680,1,'10747646045',2,'2024-10-15 15:15:32'),(681,1,'10747646045',2,'2024-10-15 19:01:30'),(682,1,'10438152852',1,'2024-10-15 21:05:24'),(683,1,'10747646045',2,'2024-10-16 15:06:50'),(684,1,'10747646045',2,'2024-10-16 15:41:47'),(685,1,'10747646045',2,'2024-10-16 17:45:46'),(686,1,'10747646045',2,'2024-10-16 20:46:05'),(687,1,'10747646045',2,'2024-10-16 21:49:51'),(688,1,'10747646045',2,'2024-10-16 23:22:55'),(689,1,'10747646045',2,'2024-10-16 23:23:21'),(690,1,'10438152852',1,'2024-10-17 18:05:53'),(691,1,'10747646045',2,'2024-10-17 20:47:56'),(692,1,'10747646045',2,'2024-10-18 15:06:29'),(693,1,'10747646045',2,'2024-10-18 15:24:02'),(694,1,'10747646045',2,'2024-10-18 15:24:48'),(695,1,'10747646045',2,'2024-10-18 15:25:12'),(696,1,'10438152852',1,'2024-10-18 16:55:50'),(697,1,'10438152852',1,'2024-10-18 16:56:57'),(698,1,'10438152852',1,'2024-10-18 16:57:25'),(699,1,'10438152852',1,'2024-10-18 17:02:09'),(700,1,'10747646045',2,'2024-10-18 18:14:09'),(701,1,'10747646045',2,'2024-10-18 18:28:07'),(702,1,'10747646045',2,'2024-10-18 20:19:14'),(703,1,'10747646045',2,'2024-10-19 15:39:50'),(704,1,'10747646045',2,'2024-10-19 22:09:03'),(705,1,'10747646045',2,'2024-10-19 22:32:38'),(706,1,'10747646045',2,'2024-10-19 23:27:56'),(707,1,'10747646045',2,'2024-10-19 23:58:07'),(708,1,'10747646045',2,'2024-10-20 14:27:27'),(709,1,'10747646045',2,'2024-10-20 16:33:10'),(710,1,'10747646045',2,'2024-10-20 16:55:50'),(711,1,'10747646045',2,'2024-10-20 16:56:13'),(712,1,'10438152852',1,'2024-10-20 17:25:12'),(713,1,'10438152852',1,'2024-10-20 17:56:58'),(714,1,'10747646045',2,'2024-10-20 19:11:17'),(715,1,'10747646045',2,'2024-10-20 20:25:06'),(716,1,'10747646045',2,'2024-10-20 21:07:27'),(717,1,'10747646045',2,'2024-10-20 21:19:22'),(718,1,'10747646045',2,'2024-10-20 21:36:19'),(719,1,'10747646045',2,'2024-10-21 13:03:42'),(720,1,'10747646045',2,'2024-10-21 16:23:02'),(721,1,'10747646045',2,'2024-10-21 16:23:17'),(722,1,'10747646045',2,'2024-10-21 16:26:30'),(723,1,'10747646045',2,'2024-10-21 16:27:12'),(724,1,'10747646045',2,'2024-10-21 16:27:32'),(725,1,'10747646045',2,'2024-10-21 17:28:52'),(726,1,'10747646045',2,'2024-10-21 19:54:49'),(727,1,'10747646045',2,'2024-10-21 19:54:59'),(728,1,'10747646045',2,'2024-10-22 14:31:18'),(729,1,'10747646045',2,'2024-10-22 14:48:05'),(730,1,'10747646045',2,'2024-10-22 15:52:18'),(731,1,'10747646045',2,'2024-10-22 17:25:02'),(732,1,'10747646045',2,'2024-10-22 17:25:51'),(733,1,'10747646045',2,'2024-10-22 17:26:33'),(734,1,'10747646045',2,'2024-10-22 17:34:43'),(735,1,'10747646045',2,'2024-10-22 17:34:56'),(736,1,'10747646045',2,'2024-10-22 17:35:03'),(737,1,'10747646045',2,'2024-10-22 17:35:26'),(738,1,'10747646045',2,'2024-10-22 17:35:56'),(739,1,'10747646045',2,'2024-10-22 17:36:23'),(740,1,'10747646045',2,'2024-10-22 17:49:40'),(741,1,'10747646045',2,'2024-10-22 18:42:02'),(742,1,'10747646045',2,'2024-10-22 19:06:56'),(743,1,'10747646045',2,'2024-10-22 19:59:06'),(744,1,'10747646045',2,'2024-10-22 21:31:07'),(745,1,'10747646045',2,'2024-10-22 21:31:19'),(746,1,'10747646045',2,'2024-10-22 21:31:43'),(747,1,'10747646045',2,'2024-10-22 22:01:03'),(748,1,'10747646045',2,'2024-10-24 13:50:37'),(749,1,'10747646045',2,'2024-10-24 13:57:24'),(750,1,'10747646045',2,'2024-10-24 13:57:35'),(751,1,'10747646045',2,'2024-10-24 14:08:31'),(752,1,'10747646045',2,'2024-10-24 14:09:02'),(753,1,'10747646045',2,'2024-10-24 14:09:42'),(754,1,'10747646045',2,'2024-10-24 16:48:54'),(755,1,'10747646045',2,'2024-10-24 17:12:04'),(756,1,'10747646045',2,'2024-10-24 17:58:19'),(757,1,'10747646045',2,'2024-10-24 18:09:11'),(758,1,'10747646045',2,'2024-10-24 18:18:25'),(759,1,'10747646045',2,'2024-10-24 19:19:32'),(760,1,'10747646045',2,'2024-10-24 20:24:36'),(761,1,'10747646045',2,'2024-10-24 21:22:49'),(762,1,'10747646045',2,'2024-10-24 21:23:05'),(763,1,'10747646045',2,'2024-10-24 22:12:47'),(764,1,'10438152852',1,'2024-10-24 23:10:20'),(765,1,'10747646045',2,'2024-10-25 14:35:18'),(766,1,'10747646045',2,'2024-10-25 17:36:13'),(767,1,'10747646045',2,'2024-10-25 17:59:34'),(768,1,'10747646045',2,'2024-10-25 18:01:08'),(769,1,'10747646045',2,'2024-10-25 19:01:49'),(770,1,'10747646045',2,'2024-10-25 19:33:28'),(771,1,'10747646045',2,'2024-10-26 14:52:58'),(772,1,'10747646045',2,'2024-10-26 15:59:04'),(773,1,'10747646045',2,'2024-10-26 18:59:24'),(774,1,'10747646045',2,'2024-10-28 14:58:48'),(775,1,'10747646045',2,'2024-10-28 17:10:57'),(776,1,'10438152852',1,'2024-10-28 17:44:07'),(777,1,'10747646045',2,'2024-10-28 20:49:10'),(778,1,'10747646045',2,'2024-10-28 21:09:24'),(779,1,'10747646045',2,'2024-10-28 21:35:22'),(780,1,'10747646045',2,'2024-10-28 21:51:53'),(781,1,'10438152852',1,'2024-10-29 14:57:36'),(782,1,'10747646045',2,'2024-10-29 18:06:04'),(783,1,'10438152852',1,'2024-10-29 20:13:11'),(784,1,'10747646045',2,'2024-10-29 20:42:37'),(785,1,'10747646045',2,'2024-10-29 23:00:31'),(786,1,'10747646045',2,'2024-10-30 14:29:04'),(787,1,'10747646045',2,'2024-10-30 16:01:21'),(788,1,'10747646045',2,'2024-10-30 17:43:34'),(789,1,'10747646045',2,'2024-10-30 18:00:49'),(790,1,'10747646045',2,'2024-10-31 13:08:47'),(791,1,'10747646045',2,'2024-10-31 14:56:16'),(792,1,'10747646045',2,'2024-10-31 14:56:27'),(793,1,'10747646045',2,'2024-10-31 16:04:50'),(794,1,'10438152852',1,'2024-10-31 16:06:44'),(795,1,'10747646045',2,'2024-10-31 17:19:18'),(796,1,'10438152852',1,'2024-10-31 19:27:54'),(797,1,'10747646045',2,'2024-10-31 20:01:11'),(798,1,'10747646045',2,'2024-10-31 20:27:06'),(799,1,'10747646045',2,'2024-10-31 22:06:08'),(800,1,'10747646045',2,'2024-11-01 14:33:31'),(801,1,'10747646045',2,'2024-11-02 03:28:51'),(802,1,'10747646045',2,'2024-11-02 13:37:51'),(803,1,'10747646045',2,'2024-11-02 16:11:50'),(804,1,'10747646045',2,'2024-11-02 17:01:33'),(805,1,'10438152852',1,'2024-11-02 19:06:50'),(806,1,'10747646045',2,'2024-11-02 20:41:31'),(807,1,'10747646045',2,'2024-11-02 21:02:28'),(808,1,'10747646045',2,'2024-11-02 21:04:33'),(809,1,'10747646045',2,'2024-11-02 21:33:34'),(810,1,'10438152852',1,'2024-11-02 23:12:45'),(811,1,'10747646045',2,'2024-11-03 20:22:11'),(812,1,'10747646045',2,'2024-11-03 20:22:32'),(813,1,'10438152852',1,'2024-11-04 15:19:08'),(814,1,'10747646045',2,'2024-11-04 21:53:27'),(815,1,'10438152852',1,'2024-11-04 21:54:41'),(816,1,'10747646045',2,'2024-11-04 22:58:06'),(817,1,'10747646045',2,'2024-11-04 23:41:23'),(818,1,'10747646045',2,'2024-11-05 00:00:25'),(819,1,'10747646045',2,'2024-11-05 16:17:36'),(820,1,'10747646045',2,'2024-11-05 17:18:47'),(821,1,'10747646045',2,'2024-11-05 17:53:56'),(822,1,'10747646045',2,'2024-11-05 19:03:08'),(823,1,'10438152852',1,'2024-11-05 19:16:50'),(824,1,'10747646045',2,'2024-11-05 20:30:05'),(825,1,'10747646045',2,'2024-11-05 20:30:35'),(826,1,'10747646045',2,'2024-11-05 23:26:17'),(827,1,'10747646045',2,'2024-11-05 23:44:27'),(828,1,'10747646045',2,'2024-11-06 15:24:53'),(829,1,'10747646045',2,'2024-11-06 15:47:46'),(830,1,'10438152852',1,'2024-11-06 19:20:55'),(831,1,'10747646045',2,'2024-11-06 20:23:34'),(832,1,'10747646045',2,'2024-11-06 21:35:56'),(833,1,'10747646045',2,'2024-11-06 21:37:41'),(834,1,'10747646045',2,'2024-11-06 21:39:11'),(835,1,'10747646045',2,'2024-11-06 22:00:49'),(836,1,'10747646045',2,'2024-11-07 15:22:21'),(837,1,'10747646045',2,'2024-11-07 19:05:32'),(838,1,'10747646045',2,'2024-11-07 19:13:35'),(839,1,'10438152852',1,'2024-11-07 19:23:57'),(840,1,'10438152852',1,'2024-11-07 20:35:00'),(841,1,'10747646045',2,'2024-11-07 22:27:34'),(842,1,'10438152852',1,'2024-11-08 17:05:53'),(843,1,'10747646045',2,'2024-11-08 18:43:30'),(844,1,'10747646045',2,'2024-11-08 23:21:28'),(845,1,'10747646045',2,'2024-11-09 16:16:08'),(846,1,'10747646045',2,'2024-11-09 16:52:43'),(847,1,'10438152852',1,'2024-11-09 16:58:07'),(848,1,'10438152852',1,'2024-11-09 17:45:29'),(849,1,'10747646045',2,'2024-11-09 18:40:05'),(850,1,'10747646045',2,'2024-11-09 22:02:34'),(851,1,'10747646045',2,'2024-11-09 22:02:49'),(852,1,'10747646045',2,'2024-11-09 22:03:00'),(853,1,'10747646045',2,'2024-11-10 00:12:18'),(854,1,'10747646045',2,'2024-11-10 16:49:18'),(855,1,'10438152852',1,'2024-11-10 17:24:29'),(856,1,'10438152852',1,'2024-11-10 17:36:27'),(857,1,'10747646045',2,'2024-11-10 18:20:16'),(858,1,'10438152852',1,'2024-11-10 18:20:46'),(859,1,'10438152852',1,'2024-11-10 18:53:58'),(860,1,'10747646045',2,'2024-11-10 19:31:11'),(861,1,'10747646045',2,'2024-11-10 20:58:56'),(862,1,'10747646045',2,'2024-11-11 14:25:39'),(863,1,'10438152852',1,'2024-11-11 15:19:12'),(864,1,'10747646045',2,'2024-11-11 18:08:42'),(865,1,'10747646045',2,'2024-11-11 19:38:38'),(866,1,'10747646045',2,'2024-11-11 19:38:51'),(867,1,'10747646045',2,'2024-11-11 21:21:28'),(868,1,'10747646045',2,'2024-11-11 21:31:43'),(869,1,'10747646045',2,'2024-11-11 23:38:21'),(870,1,'10747646045',2,'2024-11-11 23:38:59'),(871,1,'10747646045',2,'2024-11-12 14:55:10'),(872,1,'10747646045',2,'2024-11-12 16:34:10'),(873,1,'10747646045',2,'2024-11-12 17:14:03'),(874,1,'10747646045',2,'2024-11-12 17:49:17'),(875,1,'10438152852',1,'2024-11-12 19:05:25'),(876,1,'10747646045',2,'2024-11-12 19:26:31'),(877,1,'10747646045',2,'2024-11-12 20:49:08'),(878,1,'10747646045',2,'2024-11-12 21:22:31'),(879,1,'10438152852',1,'2024-11-12 22:55:40'),(880,1,'10747646045',2,'2024-11-12 22:56:45'),(881,1,'10438152852',1,'2024-11-12 23:23:10'),(882,1,'10438152852',1,'2024-11-12 23:23:15'),(883,1,'10438152852',1,'2024-11-12 23:23:35'),(884,1,'10438152852',1,'2024-11-12 23:23:51'),(885,1,'10747646045',2,'2024-11-13 14:35:40'),(886,1,'10747646045',2,'2024-11-13 16:54:09'),(887,1,'10438152852',1,'2024-11-13 23:34:27'),(888,1,'10747646045',2,'2024-11-13 23:58:18'),(889,1,'10747646045',2,'2024-11-14 15:46:22'),(890,1,'10747646045',2,'2024-11-14 16:38:53'),(891,1,'10747646045',2,'2024-11-14 16:39:09'),(892,1,'10438152852',1,'2024-11-14 22:16:36'),(893,1,'10438152852',1,'2024-11-14 22:16:50'),(894,1,NULL,0,'2024-11-15 02:19:31'),(895,1,'10747646045',2,'2024-11-15 15:07:34'),(896,1,'10747646045',2,'2024-11-15 15:07:44'),(897,1,'10747646045',2,'2024-11-15 15:08:12'),(898,1,'10438152852',1,'2024-11-15 15:30:14'),(899,1,'10438152852',1,'2024-11-15 15:37:14'),(900,1,'10747646045',2,'2024-11-15 16:37:18'),(901,1,'10747646045',2,'2024-11-15 16:37:37'),(902,1,'10747646045',2,'2024-11-15 16:38:46'),(903,1,'10747646045',2,'2024-11-15 18:50:59'),(904,1,'10747646045',2,'2024-11-15 19:17:57'),(905,1,'10747646045',2,'2024-11-15 19:45:57'),(906,1,'10747646045',2,'2024-11-15 20:04:13'),(907,1,'10747646045',2,'2024-11-15 20:54:42'),(908,1,'10747646045',2,'2024-11-15 21:53:17'),(909,1,'10747646045',2,'2024-11-16 20:10:39'),(910,1,'10747646045',2,'2024-11-16 20:12:43'),(911,1,'10438152852',1,'2024-11-16 20:29:36'),(912,1,'10438152852',1,'2024-11-16 20:33:03'),(913,1,'10438152852',1,'2024-11-16 22:57:47'),(914,1,'10438152852',1,'2024-11-17 00:05:31'),(915,1,'10438152852',1,'2024-11-17 00:05:35'),(916,1,'10438152852',1,'2024-11-17 00:05:38'),(917,1,'10438152852',1,'2024-11-17 00:05:40'),(918,1,'10438152852',1,'2024-11-17 00:05:43'),(919,1,'10438152852',1,'2024-11-17 00:05:45'),(920,1,'10438152852',1,'2024-11-17 00:05:59'),(921,1,'10747646045',2,'2024-11-17 17:29:44'),(922,1,'10438152852',1,'2024-11-17 18:54:14'),(923,1,'10747646045',2,'2024-11-17 19:50:48'),(924,1,'10747646045',2,'2024-11-17 19:59:20'),(925,1,'10747646045',2,'2024-11-17 21:14:12'),(926,1,'10747646045',2,'2024-11-17 22:04:32'),(927,1,'10438152852',1,'2024-11-18 15:23:04'),(928,1,'10438152852',1,'2024-11-18 16:50:43'),(929,1,'10747646045',2,'2024-11-18 16:57:46'),(930,1,'10747646045',2,'2024-11-18 16:58:04'),(931,1,'10747646045',2,'2024-11-18 16:58:52'),(932,1,'10747646045',2,'2024-11-18 17:25:43'),(933,1,'10747646045',2,'2024-11-18 17:35:19'),(934,1,'10747646045',2,'2024-11-18 17:41:30'),(935,1,'10747646045',2,'2024-11-18 17:51:25'),(936,1,'10438152852',1,'2024-11-18 18:47:45'),(937,1,'10438152852',1,'2024-11-18 18:48:28'),(938,1,'10438152852',1,'2024-11-18 18:48:47'),(939,1,'10438152852',1,'2024-11-18 18:49:01'),(940,1,'10438152852',1,'2024-11-18 18:49:13'),(941,1,'10438152852',1,'2024-11-18 18:52:25'),(942,1,'10438152852',1,'2024-11-18 19:40:22'),(943,1,'10438152852',1,'2024-11-18 19:43:09'),(944,1,'10747646045',2,'2024-11-18 19:51:09'),(945,1,'10747646045',2,'2024-11-18 23:38:14'),(946,1,'10747646045',2,'2024-11-19 17:15:42'),(947,1,'10747646045',2,'2024-11-19 17:16:22'),(948,1,'10747646045',2,'2024-11-19 17:21:40'),(949,1,'10747646045',2,'2024-11-19 17:22:59'),(950,1,'10747646045',2,'2024-11-19 17:35:19'),(951,1,'10747646045',2,'2024-11-19 17:46:41'),(952,1,'10747646045',2,'2024-11-19 19:53:47'),(953,1,'10438152852',1,'2024-11-19 20:24:33'),(954,1,'10438152852',1,'2024-11-19 21:58:52'),(955,1,'10747646045',2,'2024-11-20 17:11:33'),(956,1,'10747646045',2,'2024-11-20 17:35:40'),(957,1,'10438152852',1,'2024-11-20 17:46:06'),(958,1,'10438152852',1,'2024-11-20 19:48:36'),(959,1,'10438152852',1,'2024-11-20 20:24:51'),(960,1,'10747646045',2,'2024-11-20 22:02:09'),(961,1,'10747646045',2,'2024-11-20 23:13:16'),(962,1,'10438152852',1,'2024-11-21 15:03:02'),(963,1,'10747646045',2,'2024-11-21 16:19:18'),(964,1,'10438152852',1,'2024-11-21 16:52:52'),(965,1,'10747646045',2,'2024-11-21 18:31:35'),(966,1,'10747646045',2,'2024-11-21 18:36:15'),(967,1,'10747646045',2,'2024-11-21 18:36:26'),(968,1,'10438152852',1,'2024-11-21 19:26:12'),(969,1,'10438152852',1,'2024-11-21 19:26:39'),(970,1,'10747646045',2,'2024-11-21 19:27:34'),(971,1,'10438152852',1,'2024-11-21 19:52:23'),(972,1,'10747646045',2,'2024-11-21 21:55:59'),(973,1,'10747646045',2,'2024-11-21 22:19:29'),(974,1,'10747646045',2,'2024-11-21 22:20:00'),(975,1,'10438152852',1,'2024-11-21 23:00:49'),(976,1,'10438152852',1,'2024-11-21 23:01:06'),(977,1,'10438152852',1,'2024-11-21 23:26:43'),(978,1,'10747646045',2,'2024-11-22 15:20:39'),(979,1,'10747646045',2,'2024-11-22 18:57:34'),(980,1,'10747646045',2,'2024-11-22 19:42:03'),(981,1,'10438152852',1,'2024-11-22 20:26:00'),(982,1,'10747646045',2,'2024-11-23 14:58:23'),(983,1,'10747646045',2,'2024-11-23 15:32:38'),(984,1,'10747646045',2,'2024-11-23 18:44:11'),(985,1,'10747646045',2,'2024-11-23 20:04:10'),(986,1,'10747646045',2,'2024-11-23 21:43:25'),(987,1,'10747646045',2,'2024-11-23 21:43:44'),(988,1,'10747646045',2,'2024-11-24 16:49:07'),(989,1,'10747646045',2,'2024-11-24 17:00:59'),(990,1,'10747646045',2,'2024-11-24 19:09:06'),(991,1,'10747646045',2,'2024-11-24 19:56:20'),(992,1,'10747646045',2,'2024-11-24 19:59:13'),(993,1,'10438152852',1,'2024-11-24 21:26:38'),(994,1,'10747646045',2,'2024-11-25 15:25:15'),(995,1,'10438152852',1,'2024-11-25 19:55:55'),(996,1,'10747646045',2,'2024-11-25 20:28:21'),(997,1,'10747646045',2,'2024-11-25 20:44:54'),(998,1,'10747646045',2,'2024-11-25 21:03:58'),(999,1,'10747646045',2,'2024-11-25 21:43:11'),(1000,1,'10747646045',2,'2024-11-25 21:44:33'),(1001,1,'10747646045',2,'2024-11-25 23:05:58'),(1002,1,'10747646045',2,'2024-11-26 15:57:19'),(1003,1,'10747646045',2,'2024-11-26 16:02:35'),(1004,1,'10747646045',2,'2024-11-26 20:23:25'),(1005,1,'10747646045',2,'2024-11-27 15:54:23'),(1006,1,'10747646045',2,'2024-11-27 16:38:32'),(1007,1,'10438152852',1,'2024-11-27 20:24:42'),(1008,1,'10747646045',2,'2024-11-27 22:43:03'),(1009,1,'10747646045',2,'2024-11-28 14:47:52'),(1010,1,'10747646045',2,'2024-11-28 14:48:02'),(1011,1,'10747646045',2,'2024-11-28 14:48:27'),(1012,1,'10747646045',2,'2024-11-28 14:48:41'),(1013,1,'10747646045',2,'2024-11-28 15:49:23'),(1014,1,'10438152852',1,'2024-11-28 18:26:08'),(1015,1,'10747646045',2,'2024-11-28 22:41:53'),(1016,1,'10747646045',2,'2024-11-29 15:12:18'),(1017,1,'10438152852',1,'2024-11-29 16:17:28'),(1018,1,'10747646045',2,'2024-11-29 16:18:22'),(1019,1,'10747646045',2,'2024-11-29 17:26:24'),(1020,1,'10747646045',2,'2024-11-29 17:26:42'),(1021,1,'10747646045',2,'2024-11-29 19:19:59'),(1022,1,'10747646045',2,'2024-11-30 00:06:16'),(1023,1,'10747646045',2,'2024-11-30 14:24:30'),(1024,1,'10747646045',2,'2024-11-30 17:18:08'),(1025,1,'10747646045',2,'2024-11-30 17:21:30'),(1026,1,'10747646045',2,'2024-11-30 20:03:11'),(1027,1,'10747646045',2,'2024-11-30 21:07:05'),(1028,1,'10747646045',2,'2024-11-30 22:55:20'),(1029,1,'10747646045',2,'2024-12-01 00:01:14'),(1030,1,'10747646045',2,'2024-12-01 15:49:15'),(1031,1,'10747646045',2,'2024-12-01 16:32:31'),(1032,1,'10747646045',2,'2024-12-01 17:43:49'),(1033,1,'10747646045',2,'2024-12-01 18:20:36'),(1034,1,'10747646045',2,'2024-12-01 18:21:01'),(1035,1,'10747646045',2,'2024-12-01 18:21:13'),(1036,1,'10747646045',2,'2024-12-01 18:21:34'),(1037,1,'10747646045',2,'2024-12-01 18:23:09'),(1038,1,'10438152852',1,'2024-12-01 19:36:49'),(1039,1,'10747646045',2,'2024-12-01 22:31:08'),(1040,1,'10747646045',2,'2024-12-02 16:07:02'),(1041,1,'10747646045',2,'2024-12-02 17:40:20'),(1042,1,'10438152852',1,'2024-12-02 19:08:44'),(1043,1,'10747646045',2,'2024-12-02 19:23:21'),(1044,1,'10438152852',1,'2024-12-02 21:27:08'),(1045,1,'10747646045',2,'2024-12-02 22:18:57'),(1046,1,'10747646045',2,'2024-12-02 22:34:08'),(1047,1,'10747646045',2,'2024-12-02 23:39:24'),(1048,1,'10747646045',2,'2024-12-03 14:23:37'),(1049,1,'10747646045',2,'2024-12-03 16:10:38'),(1050,1,'10438152852',1,'2024-12-03 16:14:27'),(1051,1,'10747646045',2,'2024-12-03 21:15:42'),(1052,1,'10747646045',2,'2024-12-03 21:22:28'),(1053,1,'10747646045',2,'2024-12-03 23:49:54'),(1054,1,'10747646045',2,'2024-12-03 23:54:37'),(1055,1,'10747646045',2,'2024-12-04 15:29:38'),(1056,1,'10747646045',2,'2024-12-04 15:48:23'),(1057,1,'10747646045',2,'2024-12-04 15:53:20'),(1058,1,'10747646045',2,'2024-12-04 16:31:25'),(1059,1,'10747646045',2,'2024-12-04 16:56:47'),(1060,1,'10747646045',2,'2024-12-04 17:45:37'),(1061,1,'10747646045',2,'2024-12-04 17:46:41'),(1062,1,'10747646045',2,'2024-12-04 17:47:28'),(1063,1,'10747646045',2,'2024-12-04 19:54:02'),(1064,1,'10747646045',2,'2024-12-05 14:02:08'),(1065,1,'10747646045',2,'2024-12-05 18:36:17'),(1066,1,'10747646045',2,'2024-12-05 18:36:36'),(1067,1,'10747646045',2,'2024-12-05 19:58:44'),(1068,1,'10438152852',1,'2024-12-05 20:08:51'),(1069,1,'10747646045',2,'2024-12-05 22:16:04'),(1070,1,'10747646045',2,'2024-12-07 21:40:11'),(1071,1,'10747646045',2,'2024-12-07 22:18:26'),(1072,1,'10747646045',2,'2024-12-07 22:29:14'),(1073,1,'10747646045',2,'2024-12-07 22:31:34'),(1074,1,'10747646045',2,'2024-12-08 15:23:26'),(1075,1,'10747646045',2,'2024-12-08 16:29:35'),(1076,1,'10747646045',2,'2024-12-08 16:46:11'),(1077,1,'10747646045',2,'2024-12-08 16:56:00'),(1078,1,'10747646045',2,'2024-12-09 17:11:50'),(1079,1,'10438152852',1,'2024-12-09 17:33:07'),(1080,1,'10747646045',2,'2024-12-09 17:46:53'),(1081,1,'10747646045',2,'2024-12-09 19:34:20'),(1082,1,'10747646045',2,'2024-12-09 20:34:41'),(1083,1,'10747646045',2,'2024-12-09 20:43:27'),(1084,1,'10747646045',2,'2024-12-10 16:48:08'),(1085,1,'10747646045',2,'2024-12-10 19:37:59'),(1086,1,'10747646045',2,'2024-12-10 21:30:12'),(1087,1,'10747646045',2,'2024-12-10 21:30:43'),(1088,1,'10747646045',2,'2024-12-10 22:20:32'),(1089,1,'10747646045',2,'2024-12-11 00:22:25'),(1090,1,'10747646045',2,'2024-12-11 15:14:24'),(1091,1,'10747646045',2,'2024-12-11 16:15:41'),(1092,1,'10747646045',2,'2024-12-11 16:47:48'),(1093,1,'10438152852',1,'2024-12-11 17:23:10'),(1094,1,'10747646045',2,'2024-12-11 17:49:19'),(1095,1,'10747646045',2,'2024-12-11 19:29:16'),(1096,1,'10747646045',2,'2024-12-11 20:34:47');
COMMIT;

-- Dumped table `track_api_peru_services` with 1096 row(s)
--

--
-- Table structure for table `users`
--

SET autocommit=0;
COMMIT;

-- Dumped table `users` with 1 row(s)
--

--
-- Table structure for table `websites`
--

CREATE TABLE `websites` (
  `id` bigint unsigned NOT NULL AUTO_INCREMENT,
  `uuid` varchar(255) COLLATE utf8mb4_unicode_ci NOT NULL,
  `created_at` timestamp NULL DEFAULT NULL,
  `updated_at` timestamp NULL DEFAULT NULL,
  `deleted_at` timestamp NULL DEFAULT NULL,
  `managed_by_database_connection` varchar(255) COLLATE utf8mb4_unicode_ci DEFAULT NULL COMMENT 'References the database connection key in your database.php',
  PRIMARY KEY (`id`),
  UNIQUE KEY `websites_uuid_unique` (`uuid`)
) ENGINE=InnoDB AUTO_INCREMENT=5 DEFAULT CHARSET=utf8mb4 COLLATE=utf8mb4_unicode_ci;

--
-- Dumping data for table `websites`
--

SET autocommit=0;
INSERT INTO `websites` VALUES (1,'cehad_yordin','2024-08-11 09:00:02','2024-08-11 09:00:02',NULL,NULL),(2,'cehad_boticasm','2024-08-12 01:08:21','2024-08-12 01:08:21',NULL,NULL),(3,'cehad_cehad','2024-08-22 16:14:55','2024-08-22 16:14:55',NULL,NULL),(4,'cehad_torrico','2024-11-15 02:22:05','2024-11-15 02:22:05',NULL,NULL);
COMMIT;

-- Dumped table `websites` with 4 row(s)
--


